Last updated on 2024-05-05 05:53:44 CEST.
Flavor | Version | Tinstall | Tcheck | Ttotal | Status | Flags |
---|---|---|---|---|---|---|
r-devel-linux-x86_64-debian-clang | 2.0 | 34.33 | 113.23 | 147.56 | NOTE | |
r-devel-linux-x86_64-debian-gcc | 2.0 | 26.02 | 93.39 | 119.41 | NOTE | |
r-devel-linux-x86_64-fedora-clang | 2.0 | 317.02 | NOTE | |||
r-devel-linux-x86_64-fedora-gcc | 2.0 | 322.25 | NOTE | |||
r-devel-windows-x86_64 | 2.0 | 28.00 | 179.00 | 207.00 | NOTE | |
r-patched-linux-x86_64 | 2.0 | 30.69 | 108.01 | 138.70 | NOTE | |
r-release-linux-x86_64 | 2.0 | 22.79 | 107.45 | 130.24 | NOTE | |
r-release-macos-arm64 | 2.0 | 76.00 | NOTE | |||
r-release-windows-x86_64 | 2.0 | 28.00 | 196.00 | 224.00 | NOTE | |
r-oldrel-macos-arm64 | 2.0 | 86.00 | OK | |||
r-oldrel-macos-x86_64 | 2.0 | 144.00 | OK | |||
r-oldrel-windows-x86_64 | 2.0 | 38.00 | 227.00 | 265.00 | OK |
Version: 2.0
Check: Rd files
Result: NOTE
checkRd: (-1) getNetworkGridLayout.Rd:6-11: Lost braces
6 | getCoordinatesFromVertexId2<-function(AFMImage, vId) {
| ^
Flavors: r-devel-linux-x86_64-debian-clang, r-devel-linux-x86_64-debian-gcc, r-devel-linux-x86_64-fedora-clang, r-devel-linux-x86_64-fedora-gcc, r-devel-windows-x86_64, r-patched-linux-x86_64, r-release-linux-x86_64, r-release-macos-arm64, r-release-windows-x86_64