Last updated on 2024-05-11 05:54:28 CEST.
Flavor | Version | Tinstall | Tcheck | Ttotal | Status | Flags |
---|---|---|---|---|---|---|
r-devel-linux-x86_64-debian-clang | 3.7.0 | 7.29 | 54.33 | 61.62 | OK | |
r-devel-linux-x86_64-debian-gcc | 3.7.0 | 5.40 | 40.47 | 45.87 | OK | |
r-devel-linux-x86_64-fedora-clang | 3.7.0 | 77.67 | NOTE | |||
r-devel-linux-x86_64-fedora-gcc | 3.7.0 | 90.07 | NOTE | |||
r-devel-windows-x86_64 | 3.7.0 | 9.00 | 68.00 | 77.00 | OK | |
r-patched-linux-x86_64 | 3.7.0 | 13.90 | 53.25 | 67.15 | OK | |
r-release-linux-x86_64 | 3.7.0 | 7.16 | 52.07 | 59.23 | OK | |
r-release-macos-arm64 | 3.7.0 | 34.00 | OK | |||
r-release-windows-x86_64 | 3.7.0 | 10.00 | 67.00 | 77.00 | OK | |
r-oldrel-macos-arm64 | 3.7.0 | 34.00 | OK | |||
r-oldrel-macos-x86_64 | 3.7.0 | 50.00 | OK | |||
r-oldrel-windows-x86_64 | 3.7.0 | 11.00 | 72.00 | 83.00 | OK |
Version: 3.7.0
Check: dependencies in R code
Result: NOTE
Namespace in Imports field not imported from: ‘R6’
All declared Imports should be used.
Flavors: r-devel-linux-x86_64-fedora-clang, r-devel-linux-x86_64-fedora-gcc