Last updated on 2024-05-13 05:52:25 CEST.
Flavor | Version | Tinstall | Tcheck | Ttotal | Status | Flags |
---|---|---|---|---|---|---|
r-devel-linux-x86_64-debian-clang | 0.1.1 | 26.13 | 107.10 | 133.23 | OK | |
r-devel-linux-x86_64-debian-gcc | 0.1.1 | 22.55 | 80.99 | 103.54 | OK | |
r-devel-linux-x86_64-fedora-clang | 0.1.1 | 176.46 | NOTE | |||
r-devel-linux-x86_64-fedora-gcc | 0.1.1 | 184.02 | NOTE | |||
r-devel-windows-x86_64 | 0.1.1 | 22.00 | 99.00 | 121.00 | OK | |
r-patched-linux-x86_64 | 0.1.1 | 17.92 | 103.47 | 121.39 | OK | |
r-release-linux-x86_64 | 0.1.1 | 16.32 | 102.95 | 119.27 | OK | |
r-release-macos-arm64 | 0.1.1 | 60.00 | OK | |||
r-release-windows-x86_64 | 0.1.1 | 24.00 | 100.00 | 124.00 | OK | |
r-oldrel-macos-arm64 | 0.1.1 | 57.00 | OK | |||
r-oldrel-macos-x86_64 | 0.1.1 | 114.00 | OK | |||
r-oldrel-windows-x86_64 | 0.1.1 | 31.00 | 116.00 | 147.00 | OK |
Version: 0.1.1
Check: data for non-ASCII characters
Result: NOTE
Note: found 516 marked UTF-8 strings
Flavors: r-devel-linux-x86_64-fedora-clang, r-devel-linux-x86_64-fedora-gcc