Last updated on 2024-05-02 23:51:46 CEST.
Flavor | Version | Tinstall | Tcheck | Ttotal | Status | Flags |
---|---|---|---|---|---|---|
r-devel-linux-x86_64-debian-clang | 1.2.0 | 36.34 | 372.14 | 408.48 | NOTE | |
r-devel-linux-x86_64-debian-gcc | 1.2.0 | 26.44 | 283.49 | 309.93 | NOTE | |
r-devel-linux-x86_64-fedora-clang | 1.2.0 | 574.28 | NOTE | |||
r-devel-linux-x86_64-fedora-gcc | 1.2.0 | 520.93 | NOTE | |||
r-devel-windows-x86_64 | 1.2.0 | 28.00 | 201.00 | 229.00 | NOTE | --no-vignettes |
r-patched-linux-x86_64 | 1.2.0 | 31.07 | 382.82 | 413.89 | NOTE | |
r-release-linux-x86_64 | 1.2.0 | 24.50 | 378.69 | 403.19 | NOTE | |
r-release-macos-arm64 | 1.2.0 | 148.00 | NOTE | |||
r-release-windows-x86_64 | 1.2.0 | 28.00 | 234.00 | 262.00 | NOTE | --no-vignettes |
r-oldrel-macos-arm64 | 1.2.0 | 140.00 | OK | |||
r-oldrel-macos-x86_64 | 1.2.0 | 224.00 | NOTE | |||
r-oldrel-windows-x86_64 | 1.2.0 | 37.00 | 231.00 | 268.00 | OK | --no-vignettes |
Version: 1.2.0
Check: Rd files
Result: NOTE
checkRd: (-1) pnbd.mcmc.DrawParameters.Rd:45: Lost braces in \itemize; \value handles \item{}{} directly
checkRd: (-1) pnbd.mcmc.DrawParameters.Rd:46: Lost braces in \itemize; \value handles \item{}{} directly
Flavors: r-devel-linux-x86_64-debian-clang, r-devel-linux-x86_64-debian-gcc, r-devel-linux-x86_64-fedora-clang, r-devel-linux-x86_64-fedora-gcc, r-patched-linux-x86_64, r-release-linux-x86_64, r-release-macos-arm64
Version: 1.2.0
Flags: --no-vignettes
Check: Rd files
Result: NOTE
checkRd: (-1) pnbd.mcmc.DrawParameters.Rd:45: Lost braces in \itemize; \value handles \item{}{} directly
checkRd: (-1) pnbd.mcmc.DrawParameters.Rd:46: Lost braces in \itemize; \value handles \item{}{} directly
Flavors: r-devel-windows-x86_64, r-release-windows-x86_64
Version: 1.2.0
Check: package dependencies
Result: NOTE
Package suggested but not available for checking: ‘gsl’
Flavor: r-oldrel-macos-x86_64