Last updated on 2024-05-07 11:54:54 CEST.
Flavor | Version | Tinstall | Tcheck | Ttotal | Status | Flags |
---|---|---|---|---|---|---|
r-devel-linux-x86_64-debian-clang | 2.0.4 | 109.10 | 102.93 | 212.03 | OK | |
r-devel-linux-x86_64-debian-gcc | 2.0.4 | 99.05 | 79.69 | 178.74 | OK | |
r-devel-linux-x86_64-fedora-clang | 2.0.4 | 260.37 | OK | |||
r-devel-linux-x86_64-fedora-gcc | 2.0.4 | 304.75 | OK | |||
r-devel-windows-x86_64 | 2.0.4 | 81.00 | 118.00 | 199.00 | OK | |
r-patched-linux-x86_64 | 2.0.4 | 108.20 | 103.71 | 211.91 | OK | |
r-release-linux-x86_64 | 2.0.4 | 129.99 | 100.72 | 230.71 | OK | |
r-release-macos-arm64 | 2.0.4 | 70.00 | NOTE | |||
r-release-windows-x86_64 | 2.0.4 | 82.00 | 115.00 | 197.00 | OK | |
r-oldrel-macos-arm64 | 2.0.4 | 75.00 | NOTE | |||
r-oldrel-macos-x86_64 | 2.0.4 | 171.00 | NOTE | |||
r-oldrel-windows-x86_64 | 2.0.4 | 102.00 | 138.00 | 240.00 | OK |
Version: 2.0.4
Check: installed package size
Result: NOTE
installed size is 31.1Mb
sub-directories of 1Mb or more:
libs 30.1Mb
Flavors: r-release-macos-arm64, r-oldrel-macos-arm64, r-oldrel-macos-x86_64