Last updated on 2024-05-13 05:52:26 CEST.
Flavor | Version | Tinstall | Tcheck | Ttotal | Status | Flags |
---|---|---|---|---|---|---|
r-devel-linux-x86_64-debian-clang | 0.2 | 71.86 | 41.36 | 113.22 | OK | |
r-devel-linux-x86_64-debian-gcc | 0.2 | 52.94 | 31.73 | 84.67 | OK | |
r-devel-linux-x86_64-fedora-clang | 0.2 | 163.23 | OK | |||
r-devel-linux-x86_64-fedora-gcc | 0.2 | 162.35 | OK | |||
r-devel-windows-x86_64 | 0.2 | 56.00 | 72.00 | 128.00 | OK | |
r-patched-linux-x86_64 | 0.2 | 78.20 | 40.58 | 118.78 | OK | |
r-release-linux-x86_64 | 0.2 | 68.73 | 40.48 | 109.21 | OK | |
r-release-macos-arm64 | 0.2 | 35.00 | NOTE | |||
r-release-windows-x86_64 | 0.2 | 56.00 | 72.00 | 128.00 | OK | |
r-oldrel-macos-arm64 | 0.2 | 52.00 | NOTE | |||
r-oldrel-macos-x86_64 | 0.2 | 73.00 | NOTE | |||
r-oldrel-windows-x86_64 | 0.2 | 68.00 | 81.00 | 149.00 | OK |
Version: 0.2
Check: installed package size
Result: NOTE
installed size is 5.7Mb
sub-directories of 1Mb or more:
libs 5.6Mb
Flavors: r-release-macos-arm64, r-oldrel-macos-arm64, r-oldrel-macos-x86_64