Last updated on 2024-05-11 11:48:12 CEST.
Flavor | Version | Tinstall | Tcheck | Ttotal | Status | Flags |
---|---|---|---|---|---|---|
r-devel-linux-x86_64-debian-clang | 2023.8 | 5.86 | 56.10 | 61.96 | OK | |
r-devel-linux-x86_64-debian-gcc | 2023.8 | 5.23 | 41.51 | 46.74 | OK | |
r-devel-linux-x86_64-fedora-clang | 2023.8 | 79.62 | NOTE | |||
r-devel-linux-x86_64-fedora-gcc | 2023.8 | 74.28 | NOTE | |||
r-devel-windows-x86_64 | 2023.8 | 9.00 | 60.00 | 69.00 | OK | |
r-patched-linux-x86_64 | 2023.8 | 6.21 | 52.47 | 58.68 | OK | |
r-release-linux-x86_64 | 2023.8 | 7.10 | 52.46 | 59.56 | OK | |
r-release-macos-arm64 | 2023.8 | 27.00 | OK | |||
r-release-windows-x86_64 | 2023.8 | 9.00 | 60.00 | 69.00 | OK | |
r-oldrel-macos-arm64 | 2023.8 | 28.00 | OK | |||
r-oldrel-macos-x86_64 | 2023.8 | 49.00 | OK | |||
r-oldrel-windows-x86_64 | 2023.8 | 11.00 | 67.00 | 78.00 | OK |
Version: 2023.8
Check: data for non-ASCII characters
Result: NOTE
Note: found 8119 marked UTF-8 strings
Flavors: r-devel-linux-x86_64-fedora-clang, r-devel-linux-x86_64-fedora-gcc