Last updated on 2024-05-04 11:48:19 CEST.
Flavor | Version | Tinstall | Tcheck | Ttotal | Status | Flags |
---|---|---|---|---|---|---|
r-devel-linux-x86_64-debian-clang | 1.3.0 | 3.73 | 58.49 | 62.22 | NOTE | |
r-devel-linux-x86_64-debian-gcc | 1.3.0 | 2.50 | 41.72 | 44.22 | NOTE | |
r-devel-linux-x86_64-fedora-clang | 1.3.0 | 75.14 | NOTE | |||
r-devel-linux-x86_64-fedora-gcc | 1.3.0 | 71.55 | NOTE | |||
r-devel-windows-x86_64 | 1.3.0 | 4.00 | 69.00 | 73.00 | NOTE | |
r-patched-linux-x86_64 | 1.3.0 | 3.59 | 53.59 | 57.18 | NOTE | |
r-release-linux-x86_64 | 1.3.0 | 2.96 | 53.65 | 56.61 | NOTE | |
r-release-macos-arm64 | 1.3.0 | 25.00 | NOTE | |||
r-release-windows-x86_64 | 1.3.0 | 3.00 | 67.00 | 70.00 | NOTE | |
r-oldrel-macos-arm64 | 1.3.0 | 25.00 | NOTE | |||
r-oldrel-macos-x86_64 | 1.3.0 | 45.00 | NOTE | |||
r-oldrel-windows-x86_64 | 1.3.0 | 3.00 | 71.00 | 74.00 | NOTE |
Version: 1.3.0
Check: package subdirectories
Result: NOTE
Problems with news in ‘NEWS.md’:
No news entries found.
Flavors: r-devel-linux-x86_64-debian-clang, r-devel-linux-x86_64-debian-gcc, r-devel-linux-x86_64-fedora-clang, r-devel-linux-x86_64-fedora-gcc, r-devel-windows-x86_64, r-patched-linux-x86_64, r-release-linux-x86_64, r-release-macos-arm64, r-release-windows-x86_64, r-oldrel-macos-arm64, r-oldrel-macos-x86_64, r-oldrel-windows-x86_64