Last updated on 2024-05-13 05:52:27 CEST.
Flavor | Version | Tinstall | Tcheck | Ttotal | Status | Flags |
---|---|---|---|---|---|---|
r-devel-linux-x86_64-debian-clang | 0.5.10 | 13.68 | 34.94 | 48.62 | NOTE | |
r-devel-linux-x86_64-debian-gcc | 0.5.10 | 9.04 | 26.56 | 35.60 | NOTE | |
r-devel-linux-x86_64-fedora-clang | 0.5.10 | 59.71 | NOTE | |||
r-devel-linux-x86_64-fedora-gcc | 0.5.10 | 55.21 | NOTE | |||
r-devel-windows-x86_64 | 0.5.10 | 18.00 | 53.00 | 71.00 | NOTE | |
r-patched-linux-x86_64 | 0.5.10 | 11.07 | 33.79 | 44.86 | NOTE | |
r-release-linux-x86_64 | 0.5.10 | 11.52 | 33.25 | 44.77 | NOTE | |
r-release-macos-arm64 | 0.5.10 | 25.00 | NOTE | |||
r-release-windows-x86_64 | 0.5.10 | 19.00 | 52.00 | 71.00 | NOTE | |
r-oldrel-macos-arm64 | 0.5.10 | 25.00 | OK | |||
r-oldrel-macos-x86_64 | 0.5.10 | 37.00 | OK | |||
r-oldrel-windows-x86_64 | 0.5.10 | 21.00 | 53.00 | 74.00 | OK |
Version: 0.5.10
Check: Rd files
Result: NOTE
checkRd: (-1) kprime.Rd:36: Lost braces; missing escapes or markup?
36 | kprime is a {p,d,q} set of functions that compute the K-prime distribution. This distribution has many applications,
| ^
checkRd: (-1) lsecond.Rd:37: Lost braces; missing escapes or markup?
37 | lsecond are {p,d,q} functions that compute the Lambda-second (L") distribution. This
| ^
checkRd: (-1) pilsecond.Rd:39: Lost braces; missing escapes or markup?
39 | pilsecond are {p,d,q} functions that compute the prior-informed Lambda-second (L") distribution. This
| ^
Flavors: r-devel-linux-x86_64-debian-clang, r-devel-linux-x86_64-debian-gcc, r-devel-linux-x86_64-fedora-clang, r-devel-linux-x86_64-fedora-gcc, r-devel-windows-x86_64, r-patched-linux-x86_64, r-release-linux-x86_64, r-release-macos-arm64, r-release-windows-x86_64