Last updated on 2024-04-27 17:54:07 CEST.
Flavor | Version | Tinstall | Tcheck | Ttotal | Status | Flags |
---|---|---|---|---|---|---|
r-devel-linux-x86_64-debian-clang | 1.1-0 | 3.01 | 27.30 | 30.31 | OK | |
r-devel-linux-x86_64-debian-gcc | 1.1-0 | 2.06 | 21.41 | 23.47 | OK | |
r-devel-linux-x86_64-fedora-clang | 1.1-0 | 38.95 | NOTE | |||
r-devel-linux-x86_64-fedora-gcc | 1.1-0 | 49.20 | OK | |||
r-devel-windows-x86_64 | 1.1-0 | 3.00 | 54.00 | 57.00 | NOTE | |
r-patched-linux-x86_64 | 1.1-0 | 1.70 | 26.58 | 28.28 | OK | |
r-release-linux-x86_64 | 1.1-0 | 1.99 | 25.93 | 27.92 | OK | |
r-release-macos-arm64 | 1.1-0 | 23.00 | NOTE | |||
r-release-macos-x86_64 | 1.1-0 | 82.00 | NOTE | |||
r-release-windows-x86_64 | 1.1-0 | 4.00 | 52.00 | 56.00 | NOTE | |
r-oldrel-macos-arm64 | 1.1-0 | 52.00 | NOTE | |||
r-oldrel-macos-x86_64 | 1.1-0 | 86.00 | NOTE | |||
r-oldrel-windows-x86_64 | 1.1-0 | 3.00 | 50.00 | 53.00 | NOTE |
Version: 1.1-0
Check: installed package size
Result: NOTE
installed size is 7.0Mb
sub-directories of 1Mb or more:
java 6.7Mb
Flavors: r-devel-linux-x86_64-fedora-clang, r-devel-windows-x86_64, r-release-macos-arm64, r-release-macos-x86_64, r-release-windows-x86_64, r-oldrel-macos-arm64, r-oldrel-macos-x86_64, r-oldrel-windows-x86_64