Last updated on 2024-05-04 11:48:20 CEST.
Flavor | Version | Tinstall | Tcheck | Ttotal | Status | Flags |
---|---|---|---|---|---|---|
r-devel-linux-x86_64-debian-clang | 3.1 | 12.62 | 93.17 | 105.79 | OK | |
r-devel-linux-x86_64-debian-gcc | 3.1 | 9.32 | 67.34 | 76.66 | OK | |
r-devel-linux-x86_64-fedora-clang | 3.1 | 135.09 | NOTE | |||
r-devel-linux-x86_64-fedora-gcc | 3.1 | 131.74 | OK | |||
r-devel-windows-x86_64 | 3.1 | 10.00 | 89.00 | 99.00 | OK | |
r-patched-linux-x86_64 | 3.1 | 10.60 | 84.41 | 95.01 | OK | |
r-release-linux-x86_64 | 3.1 | 10.51 | 85.65 | 96.16 | OK | |
r-release-macos-arm64 | 3.1 | 41.00 | OK | |||
r-release-windows-x86_64 | 3.1 | 10.00 | 86.00 | 96.00 | OK | |
r-oldrel-macos-arm64 | 3.1 | 46.00 | OK | |||
r-oldrel-macos-x86_64 | 3.1 | 93.00 | OK | |||
r-oldrel-windows-x86_64 | 3.1 | 13.00 | 102.00 | 115.00 | OK |
Version: 3.1
Check: Rd cross-references
Result: NOTE
Undeclared package ‘betareg’ in Rd xrefs
Flavor: r-devel-linux-x86_64-fedora-clang