Last updated on 2024-05-06 00:02:46 CEST.
Flavor | Version | Tinstall | Tcheck | Ttotal | Status | Flags |
---|---|---|---|---|---|---|
r-devel-linux-x86_64-debian-clang | 0.9.6 | 13.62 | 179.24 | 192.86 | OK | |
r-devel-linux-x86_64-debian-gcc | 0.9.6 | 10.23 | 126.98 | 137.21 | OK | |
r-devel-linux-x86_64-fedora-clang | 0.9.6 | 230.23 | NOTE | |||
r-devel-linux-x86_64-fedora-gcc | 0.9.6 | 243.21 | OK | |||
r-devel-windows-x86_64 | 0.9.6 | 11.00 | 142.00 | 153.00 | NOTE | |
r-patched-linux-x86_64 | 0.9.6 | 7.95 | 170.57 | 178.52 | OK | |
r-release-linux-x86_64 | 0.9.6 | 7.42 | 170.80 | 178.22 | OK | |
r-release-macos-arm64 | 0.9.6 | 69.00 | NOTE | |||
r-release-windows-x86_64 | 0.9.6 | 12.00 | 145.00 | 157.00 | NOTE | |
r-oldrel-macos-arm64 | 0.9.6 | 69.00 | NOTE | |||
r-oldrel-macos-x86_64 | 0.9.6 | 175.00 | NOTE | |||
r-oldrel-windows-x86_64 | 0.9.6 | 15.00 | 176.00 | 191.00 | NOTE |
Version: 0.9.6
Check: installed package size
Result: NOTE
installed size is 5.3Mb
sub-directories of 1Mb or more:
appinformation 4.1Mb
Flavors: r-devel-linux-x86_64-fedora-clang, r-devel-windows-x86_64, r-release-macos-arm64, r-release-windows-x86_64, r-oldrel-macos-arm64, r-oldrel-macos-x86_64, r-oldrel-windows-x86_64