Last updated on 2024-05-11 11:48:17 CEST.
Flavor | Version | Tinstall | Tcheck | Ttotal | Status | Flags |
---|---|---|---|---|---|---|
r-devel-linux-x86_64-debian-clang | 0.1.3 | 3.19 | 69.22 | 72.41 | NOTE | |
r-devel-linux-x86_64-debian-gcc | 0.1.3 | 2.15 | 54.05 | 56.20 | NOTE | |
r-devel-linux-x86_64-fedora-clang | 0.1.3 | 81.10 | NOTE | |||
r-devel-linux-x86_64-fedora-gcc | 0.1.3 | 101.93 | NOTE | |||
r-devel-windows-x86_64 | 0.1.3 | 4.00 | 66.00 | 70.00 | NOTE | |
r-patched-linux-x86_64 | 0.1.3 | 2.62 | 60.45 | 63.07 | NOTE | |
r-release-linux-x86_64 | 0.1.3 | 2.66 | 66.85 | 69.51 | NOTE | |
r-release-macos-arm64 | 0.1.3 | 33.00 | NOTE | |||
r-release-windows-x86_64 | 0.1.3 | 4.00 | 67.00 | 71.00 | NOTE | |
r-oldrel-macos-arm64 | 0.1.3 | 37.00 | NOTE | |||
r-oldrel-macos-x86_64 | 0.1.3 | 61.00 | NOTE | |||
r-oldrel-windows-x86_64 | 0.1.3 | 4.00 | 77.00 | 81.00 | NOTE |
Version: 0.1.3
Check: LazyData
Result: NOTE
'LazyData' is specified without a 'data' directory
Flavors: r-devel-linux-x86_64-debian-clang, r-devel-linux-x86_64-debian-gcc, r-devel-linux-x86_64-fedora-clang, r-devel-linux-x86_64-fedora-gcc, r-devel-windows-x86_64, r-patched-linux-x86_64, r-release-linux-x86_64, r-release-macos-arm64, r-release-windows-x86_64, r-oldrel-macos-arm64, r-oldrel-macos-x86_64, r-oldrel-windows-x86_64
Version: 0.1.3
Check: Rd cross-references
Result: NOTE
Undeclared package ‘XICOR’ in Rd xrefs
Flavor: r-devel-linux-x86_64-fedora-clang