Last updated on 2024-05-06 00:02:48 CEST.
Flavor | Version | Tinstall | Tcheck | Ttotal | Status | Flags |
---|---|---|---|---|---|---|
r-devel-linux-x86_64-debian-clang | 0.3.11 | 108.64 | 71.74 | 180.38 | NOTE | |
r-devel-linux-x86_64-debian-gcc | 0.3.11 | 93.34 | 53.64 | 146.98 | NOTE | |
r-devel-linux-x86_64-fedora-clang | 0.3.11 | 264.37 | NOTE | |||
r-devel-linux-x86_64-fedora-gcc | 0.3.11 | 313.08 | NOTE | |||
r-devel-windows-x86_64 | 0.3.11 | 89.00 | 99.00 | 188.00 | NOTE | |
r-patched-linux-x86_64 | 0.3.11 | 105.07 | 67.19 | 172.26 | NOTE | |
r-release-linux-x86_64 | 0.3.11 | 95.44 | 70.95 | 166.39 | NOTE | |
r-release-macos-arm64 | 0.3.11 | 72.00 | NOTE | |||
r-release-windows-x86_64 | 0.3.11 | 91.00 | 105.00 | 196.00 | NOTE | |
r-oldrel-macos-arm64 | 0.3.11 | 77.00 | NOTE | |||
r-oldrel-macos-x86_64 | 0.3.11 | 115.00 | NOTE | |||
r-oldrel-windows-x86_64 | 0.3.11 | 116.00 | 117.00 | 233.00 | OK |
Version: 0.3.11
Check: package dependencies
Result: NOTE
Package suggested but not available for checking: ‘RTCGA.rnaseq’
Flavors: r-devel-linux-x86_64-debian-clang, r-release-macos-arm64, r-oldrel-macos-arm64, r-oldrel-macos-x86_64
Version: 0.3.11
Check: Rd files
Result: NOTE
checkRd: (-1) dot-information_gain.Rd:43: Lost braces in \itemize; meant \describe ?
checkRd: (-1) dot-information_gain.Rd:44: Lost braces in \itemize; meant \describe ?
checkRd: (-1) information_gain.Rd:44: Lost braces in \itemize; \value handles \item{}{} directly
checkRd: (-1) information_gain.Rd:45: Lost braces in \itemize; \value handles \item{}{} directly
Flavors: r-devel-linux-x86_64-debian-clang, r-devel-linux-x86_64-debian-gcc, r-devel-linux-x86_64-fedora-clang, r-devel-linux-x86_64-fedora-gcc, r-devel-windows-x86_64, r-patched-linux-x86_64, r-release-linux-x86_64, r-release-macos-arm64, r-release-windows-x86_64
Version: 0.3.11
Check: installed package size
Result: NOTE
installed size is 9.9Mb
sub-directories of 1Mb or more:
libs 9.5Mb
Flavors: r-release-macos-arm64, r-oldrel-macos-arm64, r-oldrel-macos-x86_64