Last updated on 2024-05-02 17:50:12 CEST.
Flavor | Version | Tinstall | Tcheck | Ttotal | Status | Flags |
---|---|---|---|---|---|---|
r-devel-linux-x86_64-debian-clang | 0.1.4 | 30.54 | 23.73 | 54.27 | OK | |
r-devel-linux-x86_64-debian-gcc | 0.1.4 | 23.63 | 20.49 | 44.12 | OK | |
r-devel-linux-x86_64-fedora-clang | 0.1.4 | 65.04 | OK | |||
r-devel-linux-x86_64-fedora-gcc | 0.1.4 | 73.28 | OK | |||
r-devel-windows-x86_64 | 0.1.4 | 23.00 | 46.00 | 69.00 | OK | |
r-patched-linux-x86_64 | 0.1.4 | 30.99 | 24.41 | 55.40 | OK | |
r-release-linux-x86_64 | 0.1.4 | 27.67 | 25.72 | 53.39 | OK | |
r-release-macos-arm64 | 0.1.4 | 25.00 | NOTE | |||
r-release-macos-x86_64 | 0.1.4 | 50.00 | NOTE | |||
r-release-windows-x86_64 | 0.1.4 | 23.00 | 45.00 | 68.00 | OK | |
r-oldrel-macos-arm64 | 0.1.4 | 30.00 | NOTE | |||
r-oldrel-macos-x86_64 | 0.1.4 | 54.00 | NOTE | |||
r-oldrel-windows-x86_64 | 0.1.4 | 26.00 | 65.00 | 91.00 | OK |
Version: 0.1.4
Check: installed package size
Result: NOTE
installed size is 11.2Mb
sub-directories of 1Mb or more:
libs 11.1Mb
Flavors: r-release-macos-arm64, r-release-macos-x86_64, r-oldrel-macos-arm64, r-oldrel-macos-x86_64