Last updated on 2024-05-02 23:51:51 CEST.
Flavor | Version | Tinstall | Tcheck | Ttotal | Status | Flags |
---|---|---|---|---|---|---|
r-devel-linux-x86_64-debian-clang | 0.3.4 | 505.33 | 89.11 | 594.44 | OK | |
r-devel-linux-x86_64-debian-gcc | 0.3.4 | 378.63 | 62.73 | 441.36 | OK | |
r-devel-linux-x86_64-fedora-clang | 0.3.4 | 911.02 | OK | |||
r-devel-linux-x86_64-fedora-gcc | 0.3.4 | 860.41 | OK | |||
r-devel-windows-x86_64 | 0.3.4 | 381.00 | 112.00 | 493.00 | OK | |
r-patched-linux-x86_64 | 0.3.4 | 470.82 | 86.81 | 557.63 | OK | |
r-release-linux-x86_64 | 0.3.4 | 494.89 | 85.81 | 580.70 | OK | |
r-release-macos-arm64 | 0.3.4 | 129.00 | NOTE | |||
r-release-windows-x86_64 | 0.3.4 | 368.00 | 112.00 | 480.00 | OK | |
r-oldrel-macos-arm64 | 0.3.4 | 167.00 | NOTE | |||
r-oldrel-macos-x86_64 | 0.3.4 | 311.00 | NOTE | |||
r-oldrel-windows-x86_64 | 0.3.4 | 464.00 | 137.00 | 601.00 | OK |
Version: 0.3.4
Check: installed package size
Result: NOTE
installed size is 11.6Mb
sub-directories of 1Mb or more:
data 1.4Mb
libs 9.6Mb
Flavors: r-release-macos-arm64, r-oldrel-macos-arm64, r-oldrel-macos-x86_64