Last updated on 2024-05-10 00:03:54 CEST.
Flavor | Version | Tinstall | Tcheck | Ttotal | Status | Flags |
---|---|---|---|---|---|---|
r-devel-linux-x86_64-debian-clang | 1.1.2 | 8.17 | 81.59 | 89.76 | OK | |
r-devel-linux-x86_64-debian-gcc | 1.1.2 | 4.36 | 59.35 | 63.71 | OK | |
r-devel-linux-x86_64-fedora-clang | 1.1.2 | 116.05 | NOTE | |||
r-devel-linux-x86_64-fedora-gcc | 1.1.2 | 146.25 | OK | |||
r-devel-windows-x86_64 | 1.1.2 | 9.00 | 94.00 | 103.00 | NOTE | |
r-patched-linux-x86_64 | 1.1.2 | 9.26 | 75.51 | 84.77 | OK | |
r-release-linux-x86_64 | 1.1.2 | 6.46 | 76.24 | 82.70 | OK | |
r-release-macos-arm64 | 1.1.2 | 41.00 | NOTE | |||
r-release-windows-x86_64 | 1.1.2 | 8.00 | 87.00 | 95.00 | NOTE | |
r-oldrel-macos-arm64 | 1.1.2 | 43.00 | NOTE | |||
r-oldrel-macos-x86_64 | 1.1.2 | 144.00 | NOTE | |||
r-oldrel-windows-x86_64 | 1.1.2 | 10.00 | 99.00 | 109.00 | NOTE |
Version: 1.1.2
Check: installed package size
Result: NOTE
installed size is 7.4Mb
sub-directories of 1Mb or more:
extdata 5.8Mb
Flavors: r-devel-linux-x86_64-fedora-clang, r-devel-windows-x86_64, r-release-macos-arm64, r-release-windows-x86_64, r-oldrel-macos-arm64, r-oldrel-macos-x86_64, r-oldrel-windows-x86_64