Last updated on 2024-05-02 23:51:54 CEST.
Flavor | Version | Tinstall | Tcheck | Ttotal | Status | Flags |
---|---|---|---|---|---|---|
r-devel-linux-x86_64-debian-clang | 2024.02.12 | 1.82 | 16.81 | 18.63 | OK | |
r-devel-linux-x86_64-debian-gcc | 2024.02.12 | 1.26 | 12.89 | 14.15 | OK | |
r-devel-linux-x86_64-fedora-clang | 2024.02.12 | 23.50 | NOTE | |||
r-devel-linux-x86_64-fedora-gcc | 2024.02.12 | 23.19 | NOTE | |||
r-devel-windows-x86_64 | 2024.02.12 | 2.00 | 33.00 | 35.00 | OK | |
r-patched-linux-x86_64 | 2024.02.12 | 2.10 | 16.00 | 18.10 | OK | |
r-release-linux-x86_64 | 2024.02.12 | 1.75 | 15.59 | 17.34 | OK | |
r-release-macos-arm64 | 2024.02.12 | 12.00 | OK | |||
r-release-macos-x86_64 | 2024.02.12 | 31.00 | OK | |||
r-release-windows-x86_64 | 2024.02.12 | 3.00 | 33.00 | 36.00 | OK | |
r-oldrel-macos-arm64 | 2024.02.12 | 20.00 | OK | |||
r-oldrel-macos-x86_64 | 2024.02.12 | 30.00 | OK | |||
r-oldrel-windows-x86_64 | 2024.02.12 | 4.00 | 28.00 | 32.00 | OK |
Version: 2024.02.12
Check: Rd cross-references
Result: NOTE
Undeclared package ‘Unicode’ in Rd xrefs
Flavor: r-devel-linux-x86_64-fedora-clang
Version: 2024.02.12
Check: data for non-ASCII characters
Result: NOTE
Note: found 7479 marked UTF-8 strings
Flavors: r-devel-linux-x86_64-fedora-clang, r-devel-linux-x86_64-fedora-gcc