Last updated on 2024-05-21 17:50:01 CEST.
Flavor | Version | Tinstall | Tcheck | Ttotal | Status | Flags |
---|---|---|---|---|---|---|
r-devel-linux-x86_64-debian-clang | 1.0.7 | 51.20 | 83.11 | 134.31 | OK | |
r-devel-linux-x86_64-debian-gcc | 1.0.7 | 38.91 | 61.90 | 100.81 | OK | |
r-devel-linux-x86_64-fedora-clang | 1.0.7 | 184.02 | NOTE | |||
r-devel-linux-x86_64-fedora-gcc | 1.0.7 | 195.62 | NOTE | |||
r-devel-windows-x86_64 | 1.0.7 | 45.00 | 102.00 | 147.00 | OK | |
r-patched-linux-x86_64 | 1.0.7 | 53.68 | 78.92 | 132.60 | OK | |
r-release-linux-x86_64 | 1.0.7 | 51.44 | 78.92 | 130.36 | OK | |
r-release-macos-arm64 | 1.0.7 | 54.00 | OK | |||
r-release-macos-x86_64 | 1.0.7 | 131.00 | OK | |||
r-release-windows-x86_64 | 1.0.7 | 44.00 | 104.00 | 148.00 | OK | |
r-oldrel-macos-arm64 | 1.0.7 | 56.00 | OK | |||
r-oldrel-macos-x86_64 | 1.0.7 | 97.00 | OK | |||
r-oldrel-windows-x86_64 | 1.0.7 | 53.00 | 118.00 | 171.00 | OK |
Version: 1.0.7
Check: dependencies in R code
Result: NOTE
Namespaces in Imports field not imported from:
‘agridat’ ‘ggplot2’ ‘maps’ ‘sf’
All declared Imports should be used.
Flavors: r-devel-linux-x86_64-fedora-clang, r-devel-linux-x86_64-fedora-gcc