Last updated on 2024-05-05 17:53:59 CEST.
Flavor | Version | Tinstall | Tcheck | Ttotal | Status | Flags |
---|---|---|---|---|---|---|
r-devel-linux-x86_64-debian-clang | 1.7-0 | 367.51 | 425.16 | 792.67 | OK | |
r-devel-linux-x86_64-debian-gcc | 1.7-0 | 328.23 | 302.73 | 630.96 | OK | |
r-devel-linux-x86_64-fedora-clang | 1.7-0 | 1040.37 | OK | |||
r-devel-linux-x86_64-fedora-gcc | 1.7-0 | 1173.36 | OK | |||
r-devel-windows-x86_64 | 1.7-0 | 370.00 | 413.00 | 783.00 | OK | |
r-patched-linux-x86_64 | 1.7-0 | 358.31 | 400.88 | 759.19 | OK | |
r-release-linux-x86_64 | 1.7-0 | 363.88 | 392.50 | 756.38 | OK | |
r-release-macos-arm64 | 1.7-0 | 246.00 | OK | |||
r-release-macos-x86_64 | 1.7-0 | 261.00 | OK | |||
r-release-windows-x86_64 | 1.7-0 | 387.00 | 413.00 | 800.00 | OK | |
r-oldrel-macos-arm64 | 1.6-5 | 228.00 | NOTE | |||
r-oldrel-macos-x86_64 | 1.6-5 | 525.00 | NOTE | |||
r-oldrel-windows-x86_64 | 1.6-5 | 281.00 | 512.00 | 793.00 | OK |
Version: 1.6-5
Check: R code for possible problems
Result: NOTE
qr.X: no visible binding for global variable ‘R’
Undefined global functions or variables:
R
Flavors: r-oldrel-macos-arm64, r-oldrel-macos-x86_64