Last updated on 2024-05-09 17:51:32 CEST.
Flavor | Version | Tinstall | Tcheck | Ttotal | Status | Flags |
---|---|---|---|---|---|---|
r-devel-linux-x86_64-debian-clang | 0.2.0 | 33.22 | 373.96 | 407.18 | OK | |
r-devel-linux-x86_64-debian-gcc | 0.2.0 | 29.07 | 257.58 | 286.65 | OK | |
r-devel-linux-x86_64-fedora-clang | 0.2.0 | 479.95 | NOTE | |||
r-devel-linux-x86_64-fedora-gcc | 0.2.0 | 684.46 | NOTE | |||
r-devel-windows-x86_64 | 0.2.0 | 29.00 | 229.00 | 258.00 | OK | |
r-patched-linux-x86_64 | 0.2.0 | 29.51 | 350.49 | 380.00 | OK | |
r-release-linux-x86_64 | 0.2.0 | 28.36 | 344.69 | 373.05 | OK | |
r-release-macos-arm64 | 0.2.0 | 132.00 | OK | |||
r-release-windows-x86_64 | 0.2.0 | 29.00 | 226.00 | 255.00 | OK | |
r-oldrel-macos-arm64 | 0.2.0 | 151.00 | OK | |||
r-oldrel-macos-x86_64 | 0.2.0 | 219.00 | OK | |||
r-oldrel-windows-x86_64 | 0.2.0 | 40.00 | 303.00 | 343.00 | OK |
Version: 0.2.0
Check: data for non-ASCII characters
Result: NOTE
Note: found 18 marked UTF-8 strings
Flavors: r-devel-linux-x86_64-fedora-clang, r-devel-linux-x86_64-fedora-gcc