Last updated on 2024-05-04 17:52:54 CEST.
Flavor | Version | Tinstall | Tcheck | Ttotal | Status | Flags |
---|---|---|---|---|---|---|
r-devel-linux-x86_64-debian-clang | 2.1.3 | 1.27 | 2.48 | 3.75 | ERROR | |
r-devel-linux-x86_64-debian-gcc | 2.1.3 | 14.49 | 128.28 | 142.77 | OK | |
r-devel-linux-x86_64-fedora-clang | 2.1.3 | 254.77 | NOTE | |||
r-devel-linux-x86_64-fedora-gcc | 2.1.3 | 244.84 | NOTE | |||
r-devel-windows-x86_64 | 2.1.3 | 17.00 | 151.00 | 168.00 | OK | |
r-patched-linux-x86_64 | 2.1.3 | 15.00 | 165.85 | 180.85 | OK | |
r-release-linux-x86_64 | 2.1.3 | 14.66 | 162.93 | 177.59 | OK | |
r-release-macos-arm64 | 2.1.3 | 70.00 | OK | |||
r-release-macos-x86_64 | 2.1.3 | 130.00 | OK | |||
r-release-windows-x86_64 | 2.1.3 | 17.00 | 151.00 | 168.00 | OK | |
r-oldrel-macos-arm64 | 2.1.3 | 68.00 | OK | |||
r-oldrel-macos-x86_64 | 2.1.3 | 116.00 | OK | |||
r-oldrel-windows-x86_64 | 2.1.3 | 21.00 | 180.00 | 201.00 | OK |
Version: 2.1.3
Check: package dependencies
Result: ERROR
Package required but not available: ‘AnnotationDbi’
Package suggested but not available for checking: ‘snplist’
See section ‘The DESCRIPTION file’ in the ‘Writing R Extensions’
manual.
Flavor: r-devel-linux-x86_64-debian-clang
Version: 2.1.3
Check: package dependencies
Result: NOTE
Imports includes 35 non-default packages.
Importing from so many packages makes the package vulnerable to any of
them becoming unavailable. Move as many as possible to Suggests and
use conditionally.
Flavor: r-devel-linux-x86_64-fedora-clang
Version: 2.1.3
Check: dependencies in R code
Result: NOTE
Namespaces in Imports field not imported from:
‘BiocManager’ ‘DT’ ‘GEOmetadb’ ‘RMySQL’ ‘RSQLite’ ‘gplots’ ‘pheatmap’
‘readr’
All declared Imports should be used.
Flavors: r-devel-linux-x86_64-fedora-clang, r-devel-linux-x86_64-fedora-gcc