Last updated on 2024-05-02 23:51:58 CEST.
Flavor | Version | Tinstall | Tcheck | Ttotal | Status | Flags |
---|---|---|---|---|---|---|
r-devel-linux-x86_64-debian-clang | 0.8 | 26.59 | 190.13 | 216.72 | NOTE | --no-vignettes |
r-devel-linux-x86_64-debian-gcc | 0.8 | 22.41 | 138.45 | 160.86 | NOTE | --no-vignettes |
r-devel-linux-x86_64-fedora-clang | 0.8 | 263.40 | NOTE | |||
r-devel-linux-x86_64-fedora-gcc | 0.8 | 269.39 | NOTE | |||
r-devel-windows-x86_64 | 0.8 | 22.00 | 137.00 | 159.00 | NOTE | |
r-patched-linux-x86_64 | 0.8 | 25.89 | 174.56 | 200.45 | NOTE | --no-vignettes |
r-release-linux-x86_64 | 0.8 | 24.67 | 174.41 | 199.08 | NOTE | --no-vignettes |
r-release-macos-arm64 | 0.8 | 68.00 | NOTE | |||
r-release-windows-x86_64 | 0.8 | 22.00 | 143.00 | 165.00 | NOTE | |
r-oldrel-macos-arm64 | 0.8 | 78.00 | NOTE | |||
r-oldrel-macos-x86_64 | 0.8 | 125.00 | NOTE | |||
r-oldrel-windows-x86_64 | 0.8 | 31.00 | 177.00 | 208.00 | NOTE |
Version: 0.8
Flags: --no-vignettes
Check: Rd files
Result: NOTE
checkRd: (-1) NetworkChange.Rd:163: Escaped LaTeX specials: \&
checkRd: (-1) NetworkChangeRobust.Rd:144: Escaped LaTeX specials: \&
checkRd: (-1) NetworkStatic.Rd:142: Escaped LaTeX specials: \&
Flavors: r-devel-linux-x86_64-debian-clang, r-devel-linux-x86_64-debian-gcc, r-patched-linux-x86_64, r-release-linux-x86_64
Version: 0.8
Check: Rd files
Result: NOTE
checkRd: (-1) NetworkChange.Rd:163: Escaped LaTeX specials: \&
checkRd: (-1) NetworkChangeRobust.Rd:144: Escaped LaTeX specials: \&
checkRd: (-1) NetworkStatic.Rd:142: Escaped LaTeX specials: \&
Flavors: r-devel-linux-x86_64-fedora-clang, r-devel-linux-x86_64-fedora-gcc, r-devel-windows-x86_64, r-release-macos-arm64, r-release-windows-x86_64, r-oldrel-macos-arm64, r-oldrel-macos-x86_64, r-oldrel-windows-x86_64