Last updated on 2024-05-11 05:54:43 CEST.
Flavor | Version | Tinstall | Tcheck | Ttotal | Status | Flags |
---|---|---|---|---|---|---|
r-devel-linux-x86_64-debian-clang | 0.8-9 | 280.63 | 367.58 | 648.21 | NOTE | |
r-devel-linux-x86_64-debian-gcc | 0.8-9 | 224.34 | 275.48 | 499.82 | NOTE | |
r-devel-linux-x86_64-fedora-clang | 0.8-9 | 785.31 | NOTE | |||
r-devel-linux-x86_64-fedora-gcc | 0.8-9 | 1036.12 | NOTE | |||
r-devel-windows-x86_64 | 0.8-9 | 182.00 | 289.00 | 471.00 | NOTE | |
r-patched-linux-x86_64 | 0.8-9 | 208.29 | 357.41 | 565.70 | NOTE | |
r-release-linux-x86_64 | 0.8-9 | 207.70 | 356.74 | 564.44 | NOTE | |
r-release-macos-arm64 | 0.8-9 | 173.00 | NOTE | |||
r-release-windows-x86_64 | 0.8-9 | 185.00 | 283.00 | 468.00 | NOTE | |
r-oldrel-macos-arm64 | 0.8-9 | 149.00 | NOTE | |||
r-oldrel-macos-x86_64 | 0.8-9 | 400.00 | NOTE | |||
r-oldrel-windows-x86_64 | 0.8-9 | 256.00 | 368.00 | 624.00 | NOTE |
Version: 0.8-9
Check: package dependencies
Result: NOTE
Package suggested but not available for checking: ‘cmdstanr’
Flavors: r-devel-linux-x86_64-debian-clang, r-devel-linux-x86_64-debian-gcc, r-devel-linux-x86_64-fedora-clang, r-devel-linux-x86_64-fedora-gcc, r-devel-windows-x86_64, r-patched-linux-x86_64, r-release-linux-x86_64, r-release-macos-arm64, r-release-windows-x86_64, r-oldrel-macos-arm64, r-oldrel-macos-x86_64, r-oldrel-windows-x86_64
Version: 0.8-9
Check: Rd files
Result: NOTE
checkRd: (-1) summary.blrm_trial.Rd:20: Lost braces in \itemize; meant \describe ?
checkRd: (-1) summary.blrm_trial.Rd:21: Lost braces in \itemize; meant \describe ?
checkRd: (-1) summary.blrm_trial.Rd:22: Lost braces in \itemize; meant \describe ?
checkRd: (-1) summary.blrm_trial.Rd:23: Lost braces in \itemize; meant \describe ?
checkRd: (-1) summary.blrm_trial.Rd:24: Lost braces in \itemize; meant \describe ?
checkRd: (-1) summary.blrm_trial.Rd:25: Lost braces in \itemize; meant \describe ?
checkRd: (-1) summary.blrm_trial.Rd:26: Lost braces in \itemize; meant \describe ?
checkRd: (-1) summary.blrm_trial.Rd:27: Lost braces in \itemize; meant \describe ?
checkRd: (-1) summary.blrm_trial.Rd:28-29: Lost braces in \itemize; meant \describe ?
checkRd: (-1) summary.blrm_trial.Rd:30: Lost braces in \itemize; meant \describe ?
checkRd: (-1) summary.blrm_trial.Rd:31-33: Lost braces in \itemize; meant \describe ?
checkRd: (-1) summary.blrm_trial.Rd:34: Lost braces in \itemize; meant \describe ?
Flavors: r-devel-linux-x86_64-debian-clang, r-devel-linux-x86_64-debian-gcc, r-devel-linux-x86_64-fedora-clang, r-devel-linux-x86_64-fedora-gcc, r-devel-windows-x86_64, r-patched-linux-x86_64, r-release-linux-x86_64, r-release-macos-arm64, r-release-windows-x86_64
Version: 0.8-9
Check: for GNU extensions in Makefiles
Result: NOTE
GNU make is a SystemRequirements.
Flavors: r-devel-linux-x86_64-debian-clang, r-devel-linux-x86_64-debian-gcc, r-devel-linux-x86_64-fedora-clang, r-devel-linux-x86_64-fedora-gcc, r-devel-windows-x86_64, r-patched-linux-x86_64, r-release-linux-x86_64, r-release-macos-arm64, r-release-windows-x86_64, r-oldrel-macos-arm64, r-oldrel-macos-x86_64, r-oldrel-windows-x86_64
Version: 0.8-9
Check: installed package size
Result: NOTE
installed size is 5.3Mb
sub-directories of 1Mb or more:
libs 3.3Mb
Flavors: r-devel-linux-x86_64-fedora-clang, r-release-macos-arm64, r-oldrel-macos-arm64, r-oldrel-macos-x86_64