Last updated on 2024-05-02 05:12:48 CEST.
Flavor | Version | Tinstall | Tcheck | Ttotal | Status | Flags |
---|---|---|---|---|---|---|
r-devel-linux-x86_64-debian-clang | 1.1.1 | 20.40 | 263.14 | 283.54 | OK | |
r-devel-linux-x86_64-debian-gcc | 1.1.1 | 16.51 | 189.66 | 206.17 | OK | |
r-devel-linux-x86_64-fedora-clang | 1.1.1 | 344.34 | NOTE | |||
r-devel-linux-x86_64-fedora-gcc | 1.1.1 | 386.28 | OK | |||
r-devel-windows-x86_64 | 1.1.1 | 19.00 | 212.00 | 231.00 | NOTE | |
r-patched-linux-x86_64 | 1.1.1 | 14.73 | 247.15 | 261.88 | OK | |
r-release-linux-x86_64 | 1.1.1 | 14.50 | 244.46 | 258.96 | OK | |
r-release-macos-arm64 | 1.1.1 | 101.00 | NOTE | |||
r-release-macos-x86_64 | 1.1.1 | 223.00 | NOTE | |||
r-release-windows-x86_64 | 1.1.1 | 19.00 | 207.00 | 226.00 | NOTE | |
r-oldrel-macos-arm64 | 1.1.1 | 112.00 | NOTE | |||
r-oldrel-macos-x86_64 | 1.1.1 | 234.00 | NOTE | |||
r-oldrel-windows-x86_64 | 1.1.1 | 27.00 | 267.00 | 294.00 | NOTE |
Version: 1.1.1
Check: installed package size
Result: NOTE
installed size is 7.9Mb
sub-directories of 1Mb or more:
doc 4.0Mb
examples 2.6Mb
Flavors: r-devel-linux-x86_64-fedora-clang, r-devel-windows-x86_64, r-release-macos-arm64, r-release-macos-x86_64, r-release-windows-x86_64, r-oldrel-macos-arm64, r-oldrel-macos-x86_64, r-oldrel-windows-x86_64