Last updated on 2024-05-05 05:54:00 CEST.
Flavor | Version | Tinstall | Tcheck | Ttotal | Status | Flags |
---|---|---|---|---|---|---|
r-devel-linux-x86_64-debian-clang | 2.1 | 50.53 | 79.63 | 130.16 | NOTE | |
r-devel-linux-x86_64-debian-gcc | 2.1 | 39.46 | 58.95 | 98.41 | NOTE | |
r-devel-linux-x86_64-fedora-clang | 2.1 | 171.87 | NOTE | |||
r-devel-linux-x86_64-fedora-gcc | 2.1 | 167.79 | NOTE | |||
r-devel-windows-x86_64 | 2.1 | 39.00 | 106.00 | 145.00 | NOTE | |
r-patched-linux-x86_64 | 2.1 | 47.78 | 76.57 | 124.35 | NOTE | |
r-release-linux-x86_64 | 2.1 | 48.13 | 74.39 | 122.52 | NOTE | |
r-release-macos-arm64 | 2.1 | 45.00 | NOTE | |||
r-release-windows-x86_64 | 2.1 | 39.00 | 103.00 | 142.00 | NOTE | |
r-oldrel-macos-arm64 | 2.1 | 53.00 | NOTE | |||
r-oldrel-macos-x86_64 | 2.1 | 86.00 | NOTE | |||
r-oldrel-windows-x86_64 | 2.1 | 49.00 | 119.00 | 168.00 | NOTE |
Version: 2.1
Check: LazyData
Result: NOTE
'LazyData' is specified without a 'data' directory
Flavors: r-devel-linux-x86_64-debian-clang, r-devel-linux-x86_64-debian-gcc, r-devel-linux-x86_64-fedora-clang, r-devel-linux-x86_64-fedora-gcc, r-devel-windows-x86_64, r-patched-linux-x86_64, r-release-linux-x86_64, r-release-macos-arm64, r-release-windows-x86_64, r-oldrel-macos-arm64, r-oldrel-macos-x86_64, r-oldrel-windows-x86_64