Last updated on 2024-05-06 00:03:04 CEST.
Flavor | Version | Tinstall | Tcheck | Ttotal | Status | Flags |
---|---|---|---|---|---|---|
r-devel-linux-x86_64-debian-clang | 1.3.1 | 53.66 | 55.28 | 108.94 | NOTE | |
r-devel-linux-x86_64-debian-gcc | 1.3.1 | 40.36 | 41.10 | 81.46 | NOTE | |
r-devel-linux-x86_64-fedora-clang | 1.3.1 | 161.10 | NOTE | |||
r-devel-linux-x86_64-fedora-gcc | 1.3.1 | 144.18 | NOTE | |||
r-devel-windows-x86_64 | 1.3.1 | 94.00 | 172.00 | 266.00 | NOTE | |
r-patched-linux-x86_64 | 1.3.1 | 51.25 | 52.04 | 103.29 | OK | |
r-release-linux-x86_64 | 1.3.1 | 51.99 | 51.93 | 103.92 | OK | |
r-release-macos-arm64 | 1.3.1 | 42.00 | NOTE | |||
r-release-windows-x86_64 | 1.3.1 | 96.00 | 172.00 | 268.00 | OK | |
r-oldrel-macos-arm64 | 1.3.1 | 50.00 | NOTE | |||
r-oldrel-macos-x86_64 | 1.3.1 | 75.00 | NOTE | |||
r-oldrel-windows-x86_64 | 1.3.1 | 108.00 | 183.00 | 291.00 | OK |
Version: 1.3.1
Check: compiled code
Result: NOTE
File ‘RMariaDB/libs/RMariaDB.so’:
Found non-API calls to R: ‘SETLENGTH’, ‘SET_TRUELENGTH’
Compiled code should not call non-API entry points in R.
See ‘Writing portable packages’ in the ‘Writing R Extensions’ manual.
Flavors: r-devel-linux-x86_64-debian-clang, r-devel-linux-x86_64-debian-gcc, r-devel-linux-x86_64-fedora-clang, r-devel-linux-x86_64-fedora-gcc
Version: 1.3.1
Check: compiled code
Result: NOTE
File 'RMariaDB/libs/x64/RMariaDB.dll':
Found non-API calls to R: 'SETLENGTH', 'SET_TRUELENGTH'
Compiled code should not call non-API entry points in R.
See 'Writing portable packages' in the 'Writing R Extensions' manual.
Flavor: r-devel-windows-x86_64
Version: 1.3.1
Check: installed package size
Result: NOTE
installed size is 5.3Mb
sub-directories of 1Mb or more:
libs 4.9Mb
Flavors: r-release-macos-arm64, r-oldrel-macos-arm64, r-oldrel-macos-x86_64