Last updated on 2024-05-11 11:48:30 CEST.
Flavor | Version | Tinstall | Tcheck | Ttotal | Status | Flags |
---|---|---|---|---|---|---|
r-devel-linux-x86_64-debian-clang | 0.3.2.1 | 17.22 | 93.69 | 110.91 | OK | |
r-devel-linux-x86_64-debian-gcc | 0.3.2.1 | 10.42 | 70.27 | 80.69 | OK | |
r-devel-linux-x86_64-fedora-clang | 0.3.2.1 | 136.10 | NOTE | |||
r-devel-linux-x86_64-fedora-gcc | 0.3.2.1 | 186.06 | OK | |||
r-devel-windows-x86_64 | 0.3.2.1 | 16.00 | 156.00 | 172.00 | OK | |
r-patched-linux-x86_64 | 0.3.2.1 | 13.48 | 90.38 | 103.86 | OK | |
r-release-linux-x86_64 | 0.3.2.1 | 13.65 | 88.37 | 102.02 | OK | |
r-release-macos-arm64 | 0.3.2.1 | 69.00 | OK | |||
r-release-windows-x86_64 | 0.3.2.1 | 16.00 | 155.00 | 171.00 | OK | |
r-oldrel-macos-arm64 | 0.3.2.1 | 56.00 | OK | |||
r-oldrel-macos-x86_64 | 0.3.2.1 | 106.00 | OK | |||
r-oldrel-windows-x86_64 | 0.3.2.1 | 20.00 | 143.00 | 163.00 | OK |
Version: 0.3.2.1
Check: installed package size
Result: NOTE
installed size is 6.2Mb
sub-directories of 1Mb or more:
exdata 2.4Mb
libs 1.9Mb
Flavor: r-devel-linux-x86_64-fedora-clang