Last updated on 2024-05-02 05:12:49 CEST.
Flavor | Version | Tinstall | Tcheck | Ttotal | Status | Flags |
---|---|---|---|---|---|---|
r-devel-linux-x86_64-debian-clang | 0.2.7 | 164.39 | 38.73 | 203.12 | NOTE | |
r-devel-linux-x86_64-debian-gcc | 0.2.7 | 136.52 | 27.42 | 163.94 | NOTE | |
r-devel-linux-x86_64-fedora-clang | 0.2.7 | 292.39 | NOTE | |||
r-devel-linux-x86_64-fedora-gcc | 0.2.7 | 317.21 | NOTE | |||
r-devel-windows-x86_64 | 0.2.7 | 124.00 | 110.00 | 234.00 | NOTE | |
r-patched-linux-x86_64 | 0.2.7 | 161.98 | 34.66 | 196.64 | NOTE | |
r-release-linux-x86_64 | 0.2.7 | 163.50 | 34.12 | 197.62 | NOTE | |
r-release-macos-arm64 | 0.2.7 | 53.00 | NOTE | |||
r-release-windows-x86_64 | 0.2.7 | 127.00 | 80.00 | 207.00 | NOTE | |
r-oldrel-macos-arm64 | 0.2.7 | 61.00 | NOTE | |||
r-oldrel-macos-x86_64 | 0.2.7 | 103.00 | NOTE | |||
r-oldrel-windows-x86_64 | 0.2.7 | 154.00 | 86.00 | 240.00 | OK |
Version: 0.2.7
Check: Rd files
Result: NOTE
checkRd: (-1) cSMCexamples.Rd:78-80: Lost braces in \itemize; \value handles \item{}{} directly
checkRd: (-1) cSMCexamples.Rd:81-83: Lost braces in \itemize; \value handles \item{}{} directly
checkRd: (-1) cSMCexamples.Rd:89: Lost braces in \itemize; \value handles \item{}{} directly
checkRd: (-1) cSMCexamples.Rd:90: Lost braces in \itemize; \value handles \item{}{} directly
Flavors: r-devel-linux-x86_64-debian-clang, r-devel-linux-x86_64-debian-gcc, r-devel-linux-x86_64-fedora-clang, r-devel-linux-x86_64-fedora-gcc, r-devel-windows-x86_64, r-patched-linux-x86_64, r-release-linux-x86_64, r-release-macos-arm64, r-release-windows-x86_64
Version: 0.2.7
Check: installed package size
Result: NOTE
installed size is 7.0Mb
sub-directories of 1Mb or more:
libs 6.6Mb
Flavors: r-release-macos-arm64, r-oldrel-macos-arm64, r-oldrel-macos-x86_64