Last updated on 2024-05-07 23:53:53 CEST.
Flavor | Version | Tinstall | Tcheck | Ttotal | Status | Flags |
---|---|---|---|---|---|---|
r-devel-linux-x86_64-debian-clang | 1.3.2 | 47.91 | 209.51 | 257.42 | OK | |
r-devel-linux-x86_64-debian-gcc | 1.3.2 | 34.96 | 161.15 | 196.11 | OK | |
r-devel-linux-x86_64-fedora-clang | 1.3.2 | 352.26 | NOTE | |||
r-devel-linux-x86_64-fedora-gcc | 1.3.2 | 397.96 | NOTE | |||
r-devel-windows-x86_64 | 1.3.2 | 40.00 | 185.00 | 225.00 | OK | |
r-patched-linux-x86_64 | 1.3.2 | 37.06 | 201.20 | 238.26 | OK | |
r-release-linux-x86_64 | 1.3.2 | 30.11 | 203.99 | 234.10 | OK | |
r-release-macos-arm64 | 1.3.2 | 95.00 | OK | |||
r-release-macos-x86_64 | 1.3.2 | 164.00 | OK | |||
r-release-windows-x86_64 | 1.3.2 | 34.00 | 182.00 | 216.00 | OK | |
r-oldrel-macos-arm64 | 1.3.2 | 96.00 | NOTE | |||
r-oldrel-macos-x86_64 | 1.3.2 | 243.00 | OK | |||
r-oldrel-windows-x86_64 | 1.3.2 | 44.00 | 232.00 | 276.00 | OK |
Version: 1.3.2
Check: dependencies in R code
Result: NOTE
Namespace in Imports field not imported from: ‘impute’
All declared Imports should be used.
Flavors: r-devel-linux-x86_64-fedora-clang, r-devel-linux-x86_64-fedora-gcc
Version: 1.3.2
Check: installed package size
Result: NOTE
installed size is 5.1Mb
sub-directories of 1Mb or more:
doc 2.0Mb
libs 1.7Mb
Flavor: r-oldrel-macos-arm64