Last updated on 2024-05-08 05:56:30 CEST.
Flavor | Version | Tinstall | Tcheck | Ttotal | Status | Flags |
---|---|---|---|---|---|---|
r-devel-linux-x86_64-debian-clang | 0.3.10 | 74.37 | 146.52 | 220.89 | OK | |
r-devel-linux-x86_64-debian-gcc | 0.3.10 | 61.45 | 107.38 | 168.83 | OK | |
r-devel-linux-x86_64-fedora-clang | 0.3.10 | 292.23 | OK | |||
r-devel-linux-x86_64-fedora-gcc | 0.3.10 | 387.74 | OK | |||
r-devel-windows-x86_64 | 0.3.10 | 59.00 | 137.00 | 196.00 | OK | |
r-patched-linux-x86_64 | 0.3.10 | 71.31 | 136.88 | 208.19 | OK | |
r-release-linux-x86_64 | 0.3.10 | 63.94 | 139.73 | 203.67 | OK | |
r-release-macos-arm64 | 0.3.10 | 62.00 | NOTE | |||
r-release-windows-x86_64 | 0.3.10 | 60.00 | 134.00 | 194.00 | OK | |
r-oldrel-macos-arm64 | 0.3.10 | 82.00 | NOTE | |||
r-oldrel-macos-x86_64 | 0.3.10 | 186.00 | NOTE | |||
r-oldrel-windows-x86_64 | 0.3.10 | 76.00 | 173.00 | 249.00 | OK |
Version: 0.3.10
Check: installed package size
Result: NOTE
installed size is 5.5Mb
sub-directories of 1Mb or more:
libs 5.3Mb
Flavors: r-release-macos-arm64, r-oldrel-macos-arm64, r-oldrel-macos-x86_64