Last updated on 2024-05-02 11:51:34 CEST.
Flavor | Version | Tinstall | Tcheck | Ttotal | Status | Flags |
---|---|---|---|---|---|---|
r-devel-linux-x86_64-debian-clang | 0.22.2 | 794.46 | 52.89 | 847.35 | OK | |
r-devel-linux-x86_64-debian-gcc | 0.22.2 | 684.55 | 47.86 | 732.41 | OK | |
r-devel-linux-x86_64-fedora-clang | 0.22.2 | 1325.97 | OK | |||
r-devel-linux-x86_64-fedora-gcc | 0.22.2 | 1437.11 | OK | |||
r-devel-windows-x86_64 | 0.22.2 | 609.00 | 116.00 | 725.00 | OK | |
r-patched-linux-x86_64 | 0.22.2 | 841.47 | 59.84 | 901.31 | OK | |
r-release-linux-x86_64 | 0.22.2 | 830.56 | 60.97 | 891.53 | OK | |
r-release-macos-arm64 | 0.22.2 | 216.00 | NOTE | |||
r-release-windows-x86_64 | 0.22.2 | 634.00 | 118.00 | 752.00 | OK | |
r-oldrel-macos-arm64 | 0.22.2 | 244.00 | NOTE | |||
r-oldrel-macos-x86_64 | 0.22.2 | 233.00 | NOTE | |||
r-oldrel-windows-x86_64 | 0.22.2 | 779.00 | 130.00 | 909.00 | OK |
Version: 0.22.2
Check: installed package size
Result: NOTE
installed size is 45.8Mb
sub-directories of 1Mb or more:
libs 44.6Mb
Flavors: r-release-macos-arm64, r-oldrel-macos-arm64, r-oldrel-macos-x86_64