Last updated on 2024-05-04 11:48:37 CEST.
Flavor | Version | Tinstall | Tcheck | Ttotal | Status | Flags |
---|---|---|---|---|---|---|
r-devel-linux-x86_64-debian-clang | 1.3.5 | 53.04 | 119.41 | 172.45 | NOTE | |
r-devel-linux-x86_64-debian-gcc | 1.3.5 | 42.76 | 98.39 | 141.15 | NOTE | |
r-devel-linux-x86_64-fedora-clang | 1.3.5 | 232.55 | NOTE | |||
r-devel-linux-x86_64-fedora-gcc | 1.3.5 | 267.84 | NOTE | |||
r-devel-windows-x86_64 | 1.3.5 | 45.00 | 109.00 | 154.00 | NOTE | |
r-patched-linux-x86_64 | 1.3.5 | 51.36 | 128.67 | 180.03 | NOTE | |
r-release-linux-x86_64 | 1.3.5 | 51.89 | 125.91 | 177.80 | NOTE | |
r-release-macos-arm64 | 1.3.5 | 60.00 | NOTE | |||
r-release-windows-x86_64 | 1.3.5 | 44.00 | 111.00 | 155.00 | NOTE | |
r-oldrel-macos-arm64 | 1.3.5 | 60.00 | NOTE | |||
r-oldrel-macos-x86_64 | 1.3.5 | 128.00 | NOTE | |||
r-oldrel-windows-x86_64 | 1.3.5 | 54.00 | 131.00 | 185.00 | NOTE |
Version: 1.3.5
Check: for GNU extensions in Makefiles
Result: NOTE
GNU make is a SystemRequirements.
Flavors: r-devel-linux-x86_64-debian-clang, r-devel-linux-x86_64-debian-gcc, r-devel-linux-x86_64-fedora-clang, r-devel-linux-x86_64-fedora-gcc, r-devel-windows-x86_64, r-patched-linux-x86_64, r-release-linux-x86_64, r-release-macos-arm64, r-release-windows-x86_64, r-oldrel-macos-arm64, r-oldrel-macos-x86_64, r-oldrel-windows-x86_64
Version: 1.3.5
Check: installed package size
Result: NOTE
installed size is 6.0Mb
sub-directories of 1Mb or more:
doc 1.8Mb
libs 4.1Mb
Flavors: r-release-macos-arm64, r-oldrel-macos-arm64, r-oldrel-macos-x86_64