Last updated on 2024-05-04 17:53:04 CEST.
Flavor | Version | Tinstall | Tcheck | Ttotal | Status | Flags |
---|---|---|---|---|---|---|
r-devel-linux-x86_64-debian-clang | 2.0-29 | 7.50 | 417.52 | 425.02 | NOTE | |
r-devel-linux-x86_64-debian-gcc | 2.0-29 | 4.88 | 375.96 | 380.84 | OK | |
r-devel-linux-x86_64-fedora-clang | 2.0-29 | 599.68 | OK | |||
r-devel-linux-x86_64-fedora-gcc | 2.0-29 | 556.37 | OK | |||
r-devel-windows-x86_64 | 2.0-29 | 8.00 | 540.00 | 548.00 | OK | |
r-patched-linux-x86_64 | 2.0-29 | 9.70 | 457.49 | 467.19 | OK | |
r-release-linux-x86_64 | 2.0-29 | 5.93 | 446.00 | 451.93 | OK | |
r-release-macos-arm64 | 2.0-29 | 159.00 | OK | |||
r-release-macos-x86_64 | 2.0-29 | 421.00 | OK | |||
r-release-windows-x86_64 | 2.0-29 | 7.00 | 338.00 | 345.00 | OK | |
r-oldrel-macos-arm64 | 2.0-29 | 170.00 | OK | |||
r-oldrel-macos-x86_64 | 2.0-29 | 357.00 | OK | |||
r-oldrel-windows-x86_64 | 2.0-29 | 9.00 | 436.00 | 445.00 | OK |
Version: 2.0-29
Check: package dependencies
Result: NOTE
Packages suggested but not available for checking: 'genefilter', 'sva'
Flavor: r-devel-linux-x86_64-debian-clang