Last updated on 2024-05-06 00:03:09 CEST.
Flavor | Version | Tinstall | Tcheck | Ttotal | Status | Flags |
---|---|---|---|---|---|---|
r-devel-linux-x86_64-debian-clang | 3.2.5 | 56.68 | 722.80 | 779.48 | OK | |
r-devel-linux-x86_64-debian-gcc | 3.2.5 | 41.74 | 492.75 | 534.49 | OK | |
r-devel-linux-x86_64-fedora-clang | 3.2.5 | 916.15 | NOTE | |||
r-devel-linux-x86_64-fedora-gcc | 3.2.5 | 925.15 | OK | |||
r-devel-windows-x86_64 | 3.2.5 | 41.00 | 474.00 | 515.00 | OK | |
r-patched-linux-x86_64 | 3.2.5 | 62.96 | 653.67 | 716.63 | OK | |
r-release-linux-x86_64 | 3.2.5 | 41.89 | 658.38 | 700.27 | OK | |
r-release-macos-arm64 | 3.2.5 | 191.00 | OK | |||
r-release-macos-x86_64 | 3.2.5 | 233.00 | OK | |||
r-release-windows-x86_64 | 3.2.5 | 46.00 | 479.00 | 525.00 | OK | |
r-oldrel-macos-arm64 | 3.2.5 | 131.00 | OK | |||
r-oldrel-macos-x86_64 | 3.2.5 | 235.00 | OK | |||
r-oldrel-windows-x86_64 | 3.2.5 | 62.00 | 653.00 | 715.00 | OK |
Version: 3.2.5
Check: package dependencies
Result: NOTE
Imports includes 22 non-default packages.
Importing from so many packages makes the package vulnerable to any of
them becoming unavailable. Move as many as possible to Suggests and
use conditionally.
Flavor: r-devel-linux-x86_64-fedora-clang