Last updated on 2024-05-02 11:51:38 CEST.
Flavor | Version | Tinstall | Tcheck | Ttotal | Status | Flags |
---|---|---|---|---|---|---|
r-devel-linux-x86_64-debian-clang | 0.2.0 | 9.92 | 79.17 | 89.09 | NOTE | |
r-devel-linux-x86_64-debian-gcc | 0.2.0 | 6.31 | 59.40 | 65.71 | NOTE | |
r-devel-linux-x86_64-fedora-clang | 0.2.0 | 108.39 | NOTE | |||
r-devel-linux-x86_64-fedora-gcc | 0.2.0 | 108.14 | NOTE | |||
r-devel-windows-x86_64 | 0.2.0 | 8.00 | 79.00 | 87.00 | NOTE | |
r-patched-linux-x86_64 | 0.2.0 | 8.54 | 77.47 | 86.01 | NOTE | |
r-release-linux-x86_64 | 0.2.0 | 9.04 | 75.81 | 84.85 | NOTE | |
r-release-macos-arm64 | 0.2.0 | 32.00 | NOTE | |||
r-release-windows-x86_64 | 0.2.0 | 9.00 | 80.00 | 89.00 | NOTE | |
r-oldrel-macos-arm64 | 0.2.0 | 38.00 | NOTE | |||
r-oldrel-macos-x86_64 | 0.2.0 | 53.00 | NOTE | |||
r-oldrel-windows-x86_64 | 0.2.0 | 10.00 | 94.00 | 104.00 | NOTE |
Version: 0.2.0
Check: LazyData
Result: NOTE
'LazyData' is specified without a 'data' directory
Flavors: r-devel-linux-x86_64-debian-clang, r-devel-linux-x86_64-debian-gcc, r-devel-linux-x86_64-fedora-clang, r-devel-linux-x86_64-fedora-gcc, r-devel-windows-x86_64, r-patched-linux-x86_64, r-release-linux-x86_64, r-release-macos-arm64, r-release-windows-x86_64, r-oldrel-macos-arm64, r-oldrel-macos-x86_64, r-oldrel-windows-x86_64