Last updated on 2024-05-13 05:52:47 CEST.
Flavor | Version | Tinstall | Tcheck | Ttotal | Status | Flags |
---|---|---|---|---|---|---|
r-devel-linux-x86_64-debian-clang | 0.1.2 | 4.53 | 36.59 | 41.12 | NOTE | |
r-devel-linux-x86_64-debian-gcc | 0.1.2 | 3.44 | 28.36 | 31.80 | NOTE | |
r-devel-linux-x86_64-fedora-clang | 0.1.2 | 52.55 | NOTE | |||
r-devel-linux-x86_64-fedora-gcc | 0.1.2 | 69.27 | NOTE | |||
r-devel-windows-x86_64 | 0.1.2 | 6.00 | 52.00 | 58.00 | NOTE | |
r-patched-linux-x86_64 | 0.1.2 | 3.17 | 35.17 | 38.34 | NOTE | |
r-release-linux-x86_64 | 0.1.2 | 2.89 | 36.12 | 39.01 | NOTE | |
r-release-macos-arm64 | 0.1.2 | 19.00 | NOTE | |||
r-release-windows-x86_64 | 0.1.2 | 7.00 | 131.00 | 138.00 | NOTE | |
r-oldrel-macos-arm64 | 0.1.2 | 21.00 | OK | |||
r-oldrel-macos-x86_64 | 0.1.2 | 28.00 | OK | |||
r-oldrel-windows-x86_64 | 0.1.2 | 6.00 | 56.00 | 62.00 | OK |
Version: 0.1.2
Check: Rd files
Result: NOTE
checkRd: (-1) fit_stm.Rd:25: Lost braces
25 | \item{xcov}{Either a \[stats]{formula} with an empty left-hand side specifying external covariates
| ^
Flavors: r-devel-linux-x86_64-debian-clang, r-devel-linux-x86_64-debian-gcc, r-devel-linux-x86_64-fedora-clang, r-devel-linux-x86_64-fedora-gcc, r-devel-windows-x86_64, r-patched-linux-x86_64, r-release-linux-x86_64, r-release-macos-arm64, r-release-windows-x86_64