Last updated on 2024-05-13 05:52:48 CEST.
Flavor | Version | Tinstall | Tcheck | Ttotal | Status | Flags |
---|---|---|---|---|---|---|
r-devel-linux-x86_64-debian-clang | 0.1.6 | 57.20 | 92.45 | 149.65 | NOTE | |
r-devel-linux-x86_64-debian-gcc | 0.1.6 | 46.07 | 68.67 | 114.74 | NOTE | |
r-devel-linux-x86_64-fedora-clang | 0.1.6 | 199.51 | NOTE | |||
r-devel-linux-x86_64-fedora-gcc | 0.1.6 | 256.06 | NOTE | |||
r-devel-windows-x86_64 | 0.1.6 | 45.00 | 117.00 | 162.00 | NOTE | |
r-patched-linux-x86_64 | 0.1.6 | 54.92 | 88.16 | 143.08 | NOTE | |
r-release-linux-x86_64 | 0.1.6 | 56.13 | 87.38 | 143.51 | NOTE | |
r-release-macos-arm64 | 0.1.6 | 50.00 | NOTE | |||
r-release-windows-x86_64 | 0.1.6 | 43.00 | 118.00 | 161.00 | NOTE | |
r-oldrel-macos-arm64 | 0.1.6 | 57.00 | NOTE | |||
r-oldrel-macos-x86_64 | 0.1.6 | 88.00 | NOTE | |||
r-oldrel-windows-x86_64 | 0.1.6 | 56.00 | 135.00 | 191.00 | NOTE |
Version: 0.1.6
Check: C++ specification
Result: NOTE
Specified C++11: please drop specification unless essential
Flavors: r-devel-linux-x86_64-debian-clang, r-devel-linux-x86_64-debian-gcc, r-devel-linux-x86_64-fedora-clang, r-devel-linux-x86_64-fedora-gcc, r-devel-windows-x86_64, r-patched-linux-x86_64, r-release-linux-x86_64, r-release-macos-arm64, r-release-windows-x86_64, r-oldrel-macos-arm64, r-oldrel-macos-x86_64, r-oldrel-windows-x86_64