Last updated on 2024-05-11 11:48:35 CEST.
Flavor | Version | Tinstall | Tcheck | Ttotal | Status | Flags |
---|---|---|---|---|---|---|
r-devel-linux-x86_64-debian-clang | 0.1.0 | 3.26 | 39.55 | 42.81 | NOTE | |
r-devel-linux-x86_64-debian-gcc | 0.1.0 | 2.24 | 32.90 | 35.14 | NOTE | |
r-devel-linux-x86_64-fedora-clang | 0.1.0 | 51.67 | NOTE | |||
r-devel-linux-x86_64-fedora-gcc | 0.1.0 | 61.44 | NOTE | |||
r-devel-windows-x86_64 | 0.1.0 | 3.00 | 53.00 | 56.00 | NOTE | |
r-patched-linux-x86_64 | 0.1.0 | 3.25 | 42.14 | 45.39 | NOTE | |
r-release-linux-x86_64 | 0.1.0 | 2.11 | 41.98 | 44.09 | NOTE | |
r-release-macos-arm64 | 0.1.0 | 27.00 | NOTE | |||
r-release-windows-x86_64 | 0.1.0 | 3.00 | 51.00 | 54.00 | NOTE | |
r-oldrel-macos-arm64 | 0.1.0 | 27.00 | NOTE | |||
r-oldrel-macos-x86_64 | 0.1.0 | 40.00 | NOTE | |||
r-oldrel-windows-x86_64 | 0.1.0 | 3.00 | 53.00 | 56.00 | NOTE |
Version: 0.1.0
Check: LazyData
Result: NOTE
'LazyData' is specified without a 'data' directory
Flavors: r-devel-linux-x86_64-debian-clang, r-devel-linux-x86_64-debian-gcc, r-devel-linux-x86_64-fedora-clang, r-devel-linux-x86_64-fedora-gcc, r-devel-windows-x86_64, r-patched-linux-x86_64, r-release-linux-x86_64, r-release-macos-arm64, r-release-windows-x86_64, r-oldrel-macos-arm64, r-oldrel-macos-x86_64, r-oldrel-windows-x86_64
Version: 0.1.0
Check: dependencies in R code
Result: NOTE
Namespace in Imports field not imported from: ‘MASS’
All declared Imports should be used.
Flavors: r-devel-linux-x86_64-fedora-clang, r-devel-linux-x86_64-fedora-gcc