Last updated on 2024-05-06 00:02:39 CEST.
Flavor | Version | Tinstall | Tcheck | Ttotal | Status | Flags |
---|---|---|---|---|---|---|
r-devel-linux-x86_64-debian-clang | 1.3.3 | 76.39 | 88.28 | 164.67 | OK | |
r-devel-linux-x86_64-debian-gcc | 1.3.3 | 56.76 | 64.98 | 121.74 | OK | |
r-devel-linux-x86_64-fedora-clang | 1.3.3 | 231.16 | NOTE | |||
r-devel-linux-x86_64-fedora-gcc | 1.3.3 | 218.99 | NOTE | |||
r-devel-windows-x86_64 | 1.3.3 | 61.00 | 99.00 | 160.00 | OK | |
r-patched-linux-x86_64 | 1.3.3 | 72.77 | 81.57 | 154.34 | OK | |
r-release-linux-x86_64 | 1.3.3 | 66.96 | 84.94 | 151.90 | OK | |
r-release-macos-arm64 | 1.3.3 | 51.00 | OK | |||
r-release-windows-x86_64 | 1.3.3 | 63.00 | 102.00 | 165.00 | OK | |
r-oldrel-macos-arm64 | 1.3.3 | 59.00 | OK | |||
r-oldrel-macos-x86_64 | 1.3.3 | 92.00 | OK | |||
r-oldrel-windows-x86_64 | 1.3.3 | 77.00 | 121.00 | 198.00 | OK |
Version: 1.3.3
Check: compiled code
Result: NOTE
File ‘acc/libs/acc.so’:
Found no calls to: ‘R_registerRoutines’, ‘R_useDynamicSymbols’
It is good practice to register native routines and to disable symbol
search.
See ‘Writing portable packages’ in the ‘Writing R Extensions’ manual.
Flavors: r-devel-linux-x86_64-fedora-clang, r-devel-linux-x86_64-fedora-gcc