Last updated on 2024-05-01 23:52:09 CEST.
Flavor | Version | Tinstall | Tcheck | Ttotal | Status | Flags |
---|---|---|---|---|---|---|
r-devel-linux-x86_64-debian-clang | 0.0.1 | 7.01 | 73.26 | 80.27 | OK | |
r-devel-linux-x86_64-debian-gcc | 0.0.1 | 6.33 | 54.79 | 61.12 | OK | |
r-devel-linux-x86_64-fedora-clang | 0.0.1 | 101.74 | NOTE | |||
r-devel-linux-x86_64-fedora-gcc | 0.0.1 | 105.85 | NOTE | |||
r-devel-windows-x86_64 | 0.0.1 | 8.00 | 73.00 | 81.00 | OK | |
r-patched-linux-x86_64 | 0.0.1 | 9.54 | 68.07 | 77.61 | OK | |
r-release-linux-x86_64 | 0.0.1 | 7.54 | 70.14 | 77.68 | OK | |
r-release-macos-arm64 | 0.0.1 | 36.00 | OK | |||
r-release-windows-x86_64 | 0.0.1 | 8.00 | 77.00 | 85.00 | OK | |
r-oldrel-macos-arm64 | 0.0.1 | 35.00 | OK | |||
r-oldrel-macos-x86_64 | 0.0.1 | 50.00 | OK | |||
r-oldrel-windows-x86_64 | 0.0.1 | 11.00 | 86.00 | 97.00 | OK |
Version: 0.0.1
Check: dependencies in R code
Result: NOTE
Namespaces in Imports field not imported from:
‘DBI’ ‘assertthat’ ‘tibble’
All declared Imports should be used.
Flavors: r-devel-linux-x86_64-fedora-clang, r-devel-linux-x86_64-fedora-gcc