Last updated on 2024-05-07 23:53:35 CEST.
Flavor | Version | Tinstall | Tcheck | Ttotal | Status | Flags |
---|---|---|---|---|---|---|
r-devel-linux-x86_64-debian-clang | 0.3.3 | 53.38 | 210.94 | 264.32 | OK | |
r-devel-linux-x86_64-debian-gcc | 0.3.3 | 44.54 | 152.55 | 197.09 | OK | |
r-devel-linux-x86_64-fedora-clang | 0.3.3 | 347.00 | NOTE | |||
r-devel-linux-x86_64-fedora-gcc | 0.3.3 | 395.77 | NOTE | |||
r-devel-windows-x86_64 | 0.3.3 | 45.00 | 244.00 | 289.00 | OK | |
r-patched-linux-x86_64 | 0.3.3 | 48.09 | 198.44 | 246.53 | OK | |
r-release-linux-x86_64 | 0.3.3 | 38.60 | 202.76 | 241.36 | OK | |
r-release-macos-arm64 | 0.3.3 | 92.00 | OK | |||
r-release-macos-x86_64 | 0.3.3 | 252.00 | OK | |||
r-release-windows-x86_64 | 0.3.3 | 42.00 | 239.00 | 281.00 | OK | |
r-oldrel-macos-arm64 | 0.3.3 | 120.00 | OK | |||
r-oldrel-macos-x86_64 | 0.3.3 | 244.00 | OK | |||
r-oldrel-windows-x86_64 | 0.3.3 | 57.00 | 227.00 | 284.00 | OK |
Version: 0.3.3
Check: Rd cross-references
Result: NOTE
Undeclared package ‘R6’ in Rd xrefs
Flavor: r-devel-linux-x86_64-fedora-clang
Version: 0.3.3
Check: data for non-ASCII characters
Result: NOTE
Note: found 33 marked UTF-8 strings
Flavors: r-devel-linux-x86_64-fedora-clang, r-devel-linux-x86_64-fedora-gcc