Last updated on 2024-05-10 00:03:41 CEST.
Flavor | Version | Tinstall | Tcheck | Ttotal | Status | Flags |
---|---|---|---|---|---|---|
r-devel-linux-x86_64-debian-clang | 1.2.1 | 2.72 | 40.77 | 43.49 | NOTE | |
r-devel-linux-x86_64-debian-gcc | 1.2.1 | 2.62 | 31.05 | 33.67 | NOTE | |
r-devel-linux-x86_64-fedora-clang | 1.2.1 | 57.11 | NOTE | |||
r-devel-linux-x86_64-fedora-gcc | 1.2.1 | 85.67 | NOTE | |||
r-devel-windows-x86_64 | 1.2.1 | 5.00 | 68.00 | 73.00 | NOTE | |
r-patched-linux-x86_64 | 1.2.1 | 2.72 | 38.46 | 41.18 | NOTE | |
r-release-linux-x86_64 | 1.2.1 | 3.06 | 38.79 | 41.85 | NOTE | |
r-release-macos-arm64 | 1.2.1 | 27.00 | NOTE | |||
r-release-windows-x86_64 | 1.2.1 | 4.00 | 67.00 | 71.00 | NOTE | |
r-oldrel-macos-arm64 | 1.2.1 | 27.00 | NOTE | |||
r-oldrel-macos-x86_64 | 1.2.1 | 49.00 | NOTE | |||
r-oldrel-windows-x86_64 | 1.2.1 | 5.00 | 69.00 | 74.00 | NOTE |
Version: 1.2.1
Check: LazyData
Result: NOTE
'LazyData' is specified without a 'data' directory
Flavors: r-devel-linux-x86_64-debian-clang, r-devel-linux-x86_64-debian-gcc, r-devel-linux-x86_64-fedora-clang, r-devel-linux-x86_64-fedora-gcc, r-devel-windows-x86_64, r-patched-linux-x86_64, r-release-linux-x86_64, r-release-macos-arm64, r-release-windows-x86_64, r-oldrel-macos-arm64, r-oldrel-macos-x86_64, r-oldrel-windows-x86_64