Last updated on 2024-05-07 05:03:03 CEST.
Flavor | Version | Tinstall | Tcheck | Ttotal | Status | Flags |
---|---|---|---|---|---|---|
r-devel-linux-x86_64-debian-clang | 2.6.1 | 16.77 | 210.72 | 227.49 | OK | |
r-devel-linux-x86_64-debian-gcc | 2.6.1 | 14.19 | 199.39 | 213.58 | OK | |
r-devel-linux-x86_64-fedora-clang | 2.6.1 | 350.76 | OK | |||
r-devel-linux-x86_64-fedora-gcc | 2.6.1 | 370.01 | OK | |||
r-devel-windows-x86_64 | 2.6.1 | 18.00 | 171.00 | 189.00 | OK | |
r-patched-linux-x86_64 | 2.6.1 | 17.55 | 233.46 | 251.01 | OK | |
r-release-linux-x86_64 | 2.6.1 | 15.30 | 237.44 | 252.74 | OK | |
r-release-macos-arm64 | 2.6.1 | 98.00 | OK | |||
r-release-macos-x86_64 | 2.6.1 | 198.00 | OK | |||
r-release-windows-x86_64 | 2.6.1 | 17.00 | 169.00 | 186.00 | OK | |
r-oldrel-macos-arm64 | 2.6.1 | 84.00 | NOTE | |||
r-oldrel-macos-x86_64 | 2.6.1 | 163.00 | NOTE | |||
r-oldrel-windows-x86_64 | 2.6.1 | 20.00 | 203.00 | 223.00 | OK |
Version: 2.6.1
Check: package dependencies
Result: NOTE
Package suggested but not available for checking: ‘rhdf5’
Flavors: r-oldrel-macos-arm64, r-oldrel-macos-x86_64