Last updated on 2024-05-04 11:48:17 CEST.
Flavor | Version | Tinstall | Tcheck | Ttotal | Status | Flags |
---|---|---|---|---|---|---|
r-devel-linux-x86_64-debian-clang | 1.0-0 | 1.92 | 20.56 | 22.48 | NOTE | |
r-devel-linux-x86_64-debian-gcc | 1.0-0 | 1.26 | 16.21 | 17.47 | NOTE | |
r-devel-linux-x86_64-fedora-clang | 1.0-0 | 28.89 | NOTE | |||
r-devel-linux-x86_64-fedora-gcc | 1.0-0 | 27.95 | NOTE | |||
r-devel-windows-x86_64 | 1.0-0 | 2.00 | 35.00 | 37.00 | NOTE | |
r-patched-linux-x86_64 | 1.0-0 | 1.94 | 19.38 | 21.32 | NOTE | |
r-release-linux-x86_64 | 1.0-0 | 1.92 | 20.06 | 21.98 | NOTE | |
r-release-macos-arm64 | 1.0-0 | 13.00 | NOTE | |||
r-release-windows-x86_64 | 1.0-0 | 2.00 | 35.00 | 37.00 | NOTE | |
r-oldrel-macos-arm64 | 1.0-0 | 16.00 | NOTE | |||
r-oldrel-macos-x86_64 | 1.0-0 | 18.00 | NOTE | |||
r-oldrel-windows-x86_64 | 1.0-0 | 4.00 | 34.00 | 38.00 | NOTE |
Version: 1.0-0
Check: LazyData
Result: NOTE
'LazyData' is specified without a 'data' directory
Flavors: r-devel-linux-x86_64-debian-clang, r-devel-linux-x86_64-debian-gcc, r-devel-linux-x86_64-fedora-clang, r-devel-linux-x86_64-fedora-gcc, r-devel-windows-x86_64, r-patched-linux-x86_64, r-release-linux-x86_64, r-release-macos-arm64, r-release-windows-x86_64, r-oldrel-macos-arm64, r-oldrel-macos-x86_64, r-oldrel-windows-x86_64