Last updated on 2024-05-04 11:48:17 CEST.
Flavor | Version | Tinstall | Tcheck | Ttotal | Status | Flags |
---|---|---|---|---|---|---|
r-devel-linux-x86_64-debian-clang | 4.4.32 | 29.60 | 274.72 | 304.32 | NOTE | |
r-devel-linux-x86_64-debian-gcc | 4.4.32 | 26.72 | 196.13 | 222.85 | NOTE | |
r-devel-linux-x86_64-fedora-clang | 4.4.32 | 380.75 | NOTE | |||
r-devel-linux-x86_64-fedora-gcc | 4.4.32 | 390.90 | NOTE | |||
r-devel-windows-x86_64 | 4.4.32 | 29.00 | 229.00 | 258.00 | NOTE | |
r-patched-linux-x86_64 | 4.4.32 | 41.74 | 260.82 | 302.56 | NOTE | |
r-release-linux-x86_64 | 4.4.32 | 27.88 | 258.92 | 286.80 | NOTE | |
r-release-macos-arm64 | 4.4.32 | 69.00 | NOTE | |||
r-release-macos-x86_64 | 4.4.32 | 137.00 | NOTE | |||
r-release-windows-x86_64 | 4.4.32 | 29.00 | 225.00 | 254.00 | NOTE | |
r-oldrel-macos-arm64 | 4.4.32 | 79.00 | NOTE | |||
r-oldrel-macos-x86_64 | 4.4.32 | 141.00 | NOTE | |||
r-oldrel-windows-x86_64 | 4.4.32 | 38.00 | 301.00 | 339.00 | NOTE |
Version: 4.4.32
Check: package dependencies
Result: NOTE
Package which this enhances but not available for checking: ‘asreml’
Flavors: r-devel-linux-x86_64-debian-clang, r-devel-linux-x86_64-debian-gcc, r-devel-linux-x86_64-fedora-clang, r-devel-linux-x86_64-fedora-gcc, r-devel-windows-x86_64, r-patched-linux-x86_64, r-release-linux-x86_64, r-release-macos-arm64, r-release-macos-x86_64, r-release-windows-x86_64, r-oldrel-macos-arm64, r-oldrel-macos-x86_64, r-oldrel-windows-x86_64