Last updated on 2024-05-02 17:50:06 CEST.
Flavor | Version | Tinstall | Tcheck | Ttotal | Status | Flags |
---|---|---|---|---|---|---|
r-devel-linux-x86_64-debian-clang | 0.1.0 | 17.34 | 111.63 | 128.97 | OK | |
r-devel-linux-x86_64-debian-gcc | 0.1.0 | 12.81 | 81.53 | 94.34 | OK | |
r-devel-linux-x86_64-fedora-clang | 0.1.0 | 165.97 | NOTE | |||
r-devel-linux-x86_64-fedora-gcc | 0.1.0 | 152.92 | NOTE | |||
r-devel-windows-x86_64 | 0.1.0 | 15.00 | 101.00 | 116.00 | OK | |
r-patched-linux-x86_64 | 0.1.0 | 13.78 | 101.66 | 115.44 | OK | |
r-release-linux-x86_64 | 0.1.0 | 10.03 | 103.44 | 113.47 | OK | |
r-release-macos-arm64 | 0.1.0 | 47.00 | OK | |||
r-release-windows-x86_64 | 0.1.0 | 14.00 | 102.00 | 116.00 | OK | |
r-oldrel-macos-arm64 | 0.1.0 | 49.00 | OK | |||
r-oldrel-macos-x86_64 | 0.1.0 | 79.00 | OK | |||
r-oldrel-windows-x86_64 | 0.1.0 | 19.00 | 122.00 | 141.00 | OK |
Version: 0.1.0
Check: dependencies in R code
Result: NOTE
Namespace in Imports field not imported from: ‘abind’
All declared Imports should be used.
Flavors: r-devel-linux-x86_64-fedora-clang, r-devel-linux-x86_64-fedora-gcc