Last updated on 2024-05-11 11:48:10 CEST.
Flavor | Version | Tinstall | Tcheck | Ttotal | Status | Flags |
---|---|---|---|---|---|---|
r-devel-linux-x86_64-debian-clang | 1.2.12 | 752.64 | 416.20 | 1168.84 | NOTE | |
r-devel-linux-x86_64-debian-gcc | 1.2.12 | 672.51 | 360.85 | 1033.36 | NOTE | |
r-devel-linux-x86_64-fedora-clang | 1.2.12 | 1401.78 | NOTE | |||
r-devel-linux-x86_64-fedora-gcc | 1.2.12 | 1720.21 | NOTE | |||
r-devel-windows-x86_64 | 1.2.12 | 567.00 | 391.00 | 958.00 | NOTE | |
r-patched-linux-x86_64 | 1.2.12 | 0.01 | 2.86 | 2.87 | ERROR | |
r-release-linux-x86_64 | 1.2.12 | 634.67 | 472.92 | 1107.59 | NOTE | |
r-release-macos-arm64 | 1.2.12 | 347.00 | NOTE | |||
r-release-windows-x86_64 | 1.2.12 | 551.00 | 387.00 | 938.00 | NOTE | |
r-oldrel-macos-arm64 | 1.2.12 | 348.00 | NOTE | |||
r-oldrel-macos-x86_64 | 1.2.12 | 485.00 | NOTE | |||
r-oldrel-windows-x86_64 | 1.2.12 | 701.00 | 475.00 | 1176.00 | NOTE |
Version: 1.2.12
Check: for GNU extensions in Makefiles
Result: NOTE
GNU make is a SystemRequirements.
Flavors: r-devel-linux-x86_64-debian-clang, r-devel-linux-x86_64-debian-gcc, r-devel-linux-x86_64-fedora-clang, r-devel-linux-x86_64-fedora-gcc, r-devel-windows-x86_64, r-release-linux-x86_64, r-release-macos-arm64, r-release-windows-x86_64, r-oldrel-macos-arm64, r-oldrel-macos-x86_64, r-oldrel-windows-x86_64
Version: 1.2.12
Check: installed package size
Result: NOTE
installed size is 10.0Mb
sub-directories of 1Mb or more:
doc 1.9Mb
libs 6.5Mb
Flavors: r-devel-linux-x86_64-fedora-clang, r-devel-windows-x86_64, r-release-macos-arm64, r-release-windows-x86_64, r-oldrel-macos-arm64, r-oldrel-macos-x86_64, r-oldrel-windows-x86_64
Version: 1.2.12
Check: whether package can be installed
Result: ERROR
Installation failed.
Flavor: r-patched-linux-x86_64