Last updated on 2024-05-10 00:03:43 CEST.
Flavor | Version | Tinstall | Tcheck | Ttotal | Status | Flags |
---|---|---|---|---|---|---|
r-devel-linux-x86_64-debian-clang | 0.2.1 | 8.36 | 50.08 | 58.44 | NOTE | |
r-devel-linux-x86_64-debian-gcc | 0.2.1 | 7.24 | 36.65 | 43.89 | NOTE | |
r-devel-linux-x86_64-fedora-clang | 0.2.1 | 72.72 | NOTE | |||
r-devel-linux-x86_64-fedora-gcc | 0.2.1 | 117.33 | NOTE | |||
r-devel-windows-x86_64 | 0.2.1 | 8.00 | 67.00 | 75.00 | NOTE | |
r-patched-linux-x86_64 | 0.2.1 | 7.11 | 47.19 | 54.30 | NOTE | |
r-release-linux-x86_64 | 0.2.1 | 6.95 | 46.37 | 53.32 | NOTE | |
r-release-macos-arm64 | 0.2.1 | 29.00 | NOTE | |||
r-release-windows-x86_64 | 0.2.1 | 9.00 | 65.00 | 74.00 | NOTE | |
r-oldrel-macos-arm64 | 0.2.1 | 30.00 | OK | |||
r-oldrel-macos-x86_64 | 0.2.1 | 42.00 | OK | |||
r-oldrel-windows-x86_64 | 0.2.1 | 11.00 | 70.00 | 81.00 | OK |
Version: 0.2.1
Check: Rd files
Result: NOTE
checkRd: (-1) bggCollection.Rd:63-64: Lost braces in \itemize; meant \describe ?
checkRd: (-1) bggCollection.Rd:65-67: Lost braces in \itemize; meant \describe ?
checkRd: (-1) bggCollection.Rd:68-69: Lost braces in \itemize; meant \describe ?
checkRd: (-1) bggCollection.Rd:70-73: Lost braces in \itemize; meant \describe ?
checkRd: (-1) bggCollection.Rd:74-76: Lost braces in \itemize; meant \describe ?
checkRd: (-1) bggCollection.Rd:77-80: Lost braces in \itemize; meant \describe ?
checkRd: (-1) bggGames.Rd:68-69: Lost braces in \itemize; meant \describe ?
checkRd: (-1) bggGames.Rd:70-72: Lost braces in \itemize; meant \describe ?
checkRd: (-1) bggSearch.Rd:66-67: Lost braces in \itemize; meant \describe ?
checkRd: (-1) bggSearch.Rd:68-71: Lost braces in \itemize; meant \describe ?
checkRd: (-1) bggSearch.Rd:72-73: Lost braces in \itemize; meant \describe ?
Flavors: r-devel-linux-x86_64-debian-clang, r-devel-linux-x86_64-debian-gcc, r-devel-linux-x86_64-fedora-clang, r-devel-linux-x86_64-fedora-gcc, r-devel-windows-x86_64, r-patched-linux-x86_64, r-release-linux-x86_64, r-release-macos-arm64, r-release-windows-x86_64