Last updated on 2024-05-07 11:54:54 CEST.
Flavor | Version | Tinstall | Tcheck | Ttotal | Status | Flags |
---|---|---|---|---|---|---|
r-devel-linux-x86_64-debian-clang | 1.8.5 | 5.68 | 52.58 | 58.26 | NOTE | |
r-devel-linux-x86_64-debian-gcc | 1.8.5 | 4.16 | 38.78 | 42.94 | NOTE | |
r-devel-linux-x86_64-fedora-clang | 1.8.5 | 71.44 | NOTE | |||
r-devel-linux-x86_64-fedora-gcc | 1.8.5 | 74.95 | NOTE | |||
r-devel-windows-x86_64 | 1.8.5 | 6.00 | 61.00 | 67.00 | NOTE | |
r-patched-linux-x86_64 | 1.8.5 | 5.01 | 49.79 | 54.80 | NOTE | |
r-release-linux-x86_64 | 1.8.5 | 3.11 | 50.42 | 53.53 | NOTE | |
r-release-macos-arm64 | 1.8.5 | 24.00 | NOTE | |||
r-release-windows-x86_64 | 1.8.5 | 7.00 | 60.00 | 67.00 | NOTE | |
r-oldrel-macos-arm64 | 1.8.5 | 23.00 | NOTE | |||
r-oldrel-macos-x86_64 | 1.8.5 | 36.00 | NOTE | |||
r-oldrel-windows-x86_64 | 1.8.5 | 8.00 | 69.00 | 77.00 | NOTE |
Version: 1.8.5
Check: Rd files
Result: NOTE
checkRd: (-1) bgmm-package.Rd:23: Escaped LaTeX specials: \&
Flavors: r-devel-linux-x86_64-debian-clang, r-devel-linux-x86_64-debian-gcc, r-devel-linux-x86_64-fedora-clang, r-devel-linux-x86_64-fedora-gcc, r-devel-windows-x86_64, r-patched-linux-x86_64, r-release-linux-x86_64, r-release-macos-arm64, r-release-windows-x86_64, r-oldrel-macos-arm64, r-oldrel-macos-x86_64, r-oldrel-windows-x86_64